Last updated on 2025-02-16 08:51:00 CET.
Flavor | Version | Tinstall | Tcheck | Ttotal | Status | Flags |
---|---|---|---|---|---|---|
r-devel-linux-x86_64-debian-clang | 1.0.410 | 10.17 | 78.03 | 88.20 | NOTE | |
r-devel-linux-x86_64-debian-gcc | 1.0.410 | 8.15 | 55.76 | 63.91 | NOTE | |
r-devel-linux-x86_64-fedora-clang | 1.0.410 | 155.30 | NOTE | |||
r-devel-linux-x86_64-fedora-gcc | 1.0.410 | 141.88 | NOTE | |||
r-devel-macos-arm64 | 1.0.410 | 51.00 | NOTE | |||
r-devel-macos-x86_64 | 1.0.410 | 87.00 | NOTE | |||
r-devel-windows-x86_64 | 1.0.410 | 14.00 | 88.00 | 102.00 | NOTE | |
r-patched-linux-x86_64 | 1.0.410 | 10.75 | 71.08 | 81.83 | NOTE | |
r-release-linux-x86_64 | 1.0.410 | 9.27 | 72.00 | 81.27 | NOTE | |
r-release-macos-arm64 | 1.0.410 | 47.00 | NOTE | |||
r-release-macos-x86_64 | 1.0.410 | 76.00 | NOTE | |||
r-release-windows-x86_64 | 1.0.410 | 13.00 | 106.00 | 119.00 | NOTE | |
r-oldrel-macos-arm64 | 1.0.410 | 49.00 | OK | |||
r-oldrel-macos-x86_64 | 1.0.410 | 78.00 | OK | |||
r-oldrel-windows-x86_64 | 1.0.410 | 18.00 | 97.00 | 115.00 | OK |
Version: 1.0.410
Check: Rd files
Result: NOTE
checkRd: (-1) custom-labels.Rd:7: Lost braces; missing escapes or markup?
7 | \title{Modify {shinymanager} labels to use custom text}
| ^
checkRd: (-1) use_language.Rd:5: Lost braces; missing escapes or markup?
5 | \title{Use {shinymanager} labels}
| ^
Flavors: r-devel-linux-x86_64-debian-clang, r-devel-linux-x86_64-debian-gcc, r-devel-linux-x86_64-fedora-clang, r-devel-linux-x86_64-fedora-gcc, r-devel-macos-arm64, r-devel-macos-x86_64, r-devel-windows-x86_64, r-patched-linux-x86_64, r-release-linux-x86_64, r-release-macos-arm64, r-release-macos-x86_64, r-release-windows-x86_64
These binaries (installable software) and packages are in development.
They may not be fully stable and should be used with caution. We make no claims about them.