Last updated on 2025-05-08 04:52:19 CEST.
Flavor | Version | Tinstall | Tcheck | Ttotal | Status | Flags |
---|---|---|---|---|---|---|
r-devel-linux-x86_64-debian-clang | 1.0.410 | 11.15 | 84.99 | 96.14 | NOTE | |
r-devel-linux-x86_64-debian-gcc | 1.0.410 | 7.11 | 59.91 | 67.02 | NOTE | |
r-devel-linux-x86_64-fedora-clang | 1.0.410 | 162.84 | NOTE | |||
r-devel-linux-x86_64-fedora-gcc | 1.0.410 | 165.86 | NOTE | |||
r-devel-windows-x86_64 | 1.0.410 | 15.00 | 95.00 | 110.00 | NOTE | |
r-patched-linux-x86_64 | 1.0.410 | 11.83 | 79.02 | 90.85 | NOTE | |
r-release-linux-x86_64 | 1.0.410 | 9.98 | 78.98 | 88.96 | NOTE | |
r-release-macos-arm64 | 1.0.410 | 46.00 | NOTE | |||
r-release-macos-x86_64 | 1.0.410 | 74.00 | NOTE | |||
r-release-windows-x86_64 | 1.0.410 | 16.00 | 103.00 | 119.00 | NOTE | |
r-oldrel-macos-arm64 | 1.0.410 | 47.00 | NOTE | |||
r-oldrel-macos-x86_64 | 1.0.410 | 76.00 | NOTE | |||
r-oldrel-windows-x86_64 | 1.0.410 | 20.00 | 120.00 | 140.00 | NOTE |
Version: 1.0.410
Check: Rd files
Result: NOTE
checkRd: (-1) custom-labels.Rd:7: Lost braces; missing escapes or markup?
7 | \title{Modify {shinymanager} labels to use custom text}
| ^
checkRd: (-1) use_language.Rd:5: Lost braces; missing escapes or markup?
5 | \title{Use {shinymanager} labels}
| ^
Flavors: r-devel-linux-x86_64-debian-clang, r-devel-linux-x86_64-debian-gcc, r-devel-linux-x86_64-fedora-clang, r-devel-linux-x86_64-fedora-gcc, r-devel-windows-x86_64, r-patched-linux-x86_64, r-release-linux-x86_64, r-release-macos-arm64, r-release-macos-x86_64, r-release-windows-x86_64, r-oldrel-macos-arm64, r-oldrel-macos-x86_64, r-oldrel-windows-x86_64
These binaries (installable software) and packages are in development.
They may not be fully stable and should be used with caution. We make no claims about them.