Last updated on 2025-11-12 21:49:51 CET.
| Flavor | Version | Tinstall | Tcheck | Ttotal | Status | Flags |
|---|---|---|---|---|---|---|
| r-devel-linux-x86_64-debian-clang | 1.2.0 | 2.50 | 29.10 | 31.60 | OK | |
| r-devel-linux-x86_64-debian-gcc | 1.2.0 | 1.88 | 22.79 | 24.67 | OK | |
| r-devel-linux-x86_64-fedora-clang | 1.2.0 | 46.21 | OK | |||
| r-devel-linux-x86_64-fedora-gcc | 1.2.0 | 15.00 | 31.41 | 46.41 | OK | |
| r-devel-windows-x86_64 | 1.2.0 | 6.00 | 56.00 | 62.00 | OK | |
| r-patched-linux-x86_64 | 1.2.0 | 3.20 | 27.72 | 30.92 | OK | |
| r-release-linux-x86_64 | 1.2.0 | 2.54 | 27.58 | 30.12 | OK | |
| r-release-macos-arm64 | 1.2.0 | 2.00 | 23.00 | 25.00 | OK | |
| r-release-macos-x86_64 | 1.2.0 | 2.00 | 33.00 | 35.00 | OK | |
| r-release-windows-x86_64 | 1.2.0 | 6.00 | 56.00 | 62.00 | OK | |
| r-oldrel-macos-arm64 | 1.2.0 | 1.00 | 19.00 | 20.00 | NOTE | |
| r-oldrel-macos-x86_64 | 1.2.0 | 2.00 | 28.00 | 30.00 | NOTE | |
| r-oldrel-windows-x86_64 | 1.2.0 | 6.00 | 57.00 | 63.00 | NOTE |
Version: 1.2.0
Check: LazyData
Result: NOTE
'LazyData' is specified without a 'data' directory
Flavors: r-oldrel-macos-arm64, r-oldrel-macos-x86_64, r-oldrel-windows-x86_64
These binaries (installable software) and packages are in development.
They may not be fully stable and should be used with caution. We make no claims about them.