CRAN Package Check Results for Package shinymgr

Last updated on 2025-02-16 08:51:00 CET.

Flavor Version Tinstall Tcheck Ttotal Status Flags
r-devel-linux-x86_64-debian-clang 1.1.0 7.31 78.99 86.30 OK
r-devel-linux-x86_64-debian-gcc 1.1.0 4.79 58.88 63.67 OK
r-devel-linux-x86_64-fedora-clang 1.1.0 141.09 NOTE
r-devel-linux-x86_64-fedora-gcc 1.1.0 126.40 NOTE
r-devel-macos-arm64 1.1.0 49.00 OK
r-devel-macos-x86_64 1.1.0 80.00 OK
r-devel-windows-x86_64 1.1.0 10.00 109.00 119.00 OK
r-patched-linux-x86_64 1.1.0 7.65 75.19 82.84 OK
r-release-linux-x86_64 1.1.0 6.08 75.27 81.35 OK
r-release-macos-arm64 1.1.0 46.00 NOTE
r-release-macos-x86_64 1.1.0 69.00 NOTE
r-release-windows-x86_64 1.1.0 10.00 105.00 115.00 NOTE
r-oldrel-macos-arm64 1.1.0 47.00 NOTE
r-oldrel-macos-x86_64 1.1.0 110.00 NOTE
r-oldrel-windows-x86_64 1.1.0 13.00 115.00 128.00 NOTE

Check Details

Version: 1.1.0
Check: dependencies in R code
Result: NOTE Namespace in Imports field not imported from: ‘shinydashboard’ All declared Imports should be used. Flavors: r-devel-linux-x86_64-fedora-clang, r-devel-linux-x86_64-fedora-gcc

Version: 1.1.0
Check: installed package size
Result: NOTE installed size is 5.6Mb sub-directories of 1Mb or more: shinymgr 1.4Mb tutorials 3.6Mb Flavors: r-release-macos-arm64, r-release-macos-x86_64, r-release-windows-x86_64, r-oldrel-macos-arm64, r-oldrel-macos-x86_64, r-oldrel-windows-x86_64

These binaries (installable software) and packages are in development.
They may not be fully stable and should be used with caution. We make no claims about them.