Last updated on 2025-05-01 12:49:41 CEST.
Flavor | Version | Tinstall | Tcheck | Ttotal | Status | Flags |
---|---|---|---|---|---|---|
r-devel-linux-x86_64-debian-clang | 1.1.0 | 6.95 | 80.91 | 87.86 | OK | |
r-devel-linux-x86_64-debian-gcc | 1.1.0 | 4.48 | 60.71 | 65.19 | OK | |
r-devel-linux-x86_64-fedora-clang | 1.1.0 | 127.49 | NOTE | |||
r-devel-linux-x86_64-fedora-gcc | 1.1.0 | 124.95 | NOTE | |||
r-devel-windows-x86_64 | 1.1.0 | 11.00 | 108.00 | 119.00 | OK | |
r-patched-linux-x86_64 | 1.1.0 | 7.28 | 77.75 | 85.03 | OK | |
r-release-linux-x86_64 | OK | |||||
r-release-macos-arm64 | 1.1.0 | 44.00 | OK | |||
r-release-macos-x86_64 | 1.1.0 | 94.00 | OK | |||
r-release-windows-x86_64 | 1.1.0 | 12.00 | 117.00 | 129.00 | OK | |
r-oldrel-macos-arm64 | 1.1.0 | 46.00 | NOTE | |||
r-oldrel-macos-x86_64 | 1.1.0 | 69.00 | NOTE | |||
r-oldrel-windows-x86_64 | 1.1.0 | 13.00 | 122.00 | 135.00 | NOTE |
Version: 1.1.0
Check: dependencies in R code
Result: NOTE
Namespace in Imports field not imported from: ‘shinydashboard’
All declared Imports should be used.
Flavors: r-devel-linux-x86_64-fedora-clang, r-devel-linux-x86_64-fedora-gcc
Version: 1.1.0
Check: installed package size
Result: NOTE
installed size is 5.6Mb
sub-directories of 1Mb or more:
shinymgr 1.4Mb
tutorials 3.6Mb
Flavors: r-oldrel-macos-arm64, r-oldrel-macos-x86_64, r-oldrel-windows-x86_64
These binaries (installable software) and packages are in development.
They may not be fully stable and should be used with caution. We make no claims about them.