Last updated on 2025-10-24 05:50:56 CEST.
| Flavor | Version | Tinstall | Tcheck | Ttotal | Status | Flags |
|---|---|---|---|---|---|---|
| r-devel-linux-x86_64-debian-clang | 0.1.5 | 3.45 | 32.72 | 36.17 | NOTE | |
| r-devel-linux-x86_64-debian-gcc | 0.1.5 | 2.68 | 25.64 | 28.32 | NOTE | |
| r-devel-linux-x86_64-fedora-clang | 0.1.5 | 53.69 | OK | |||
| r-devel-linux-x86_64-fedora-gcc | 0.1.5 | 51.54 | OK | |||
| r-devel-windows-x86_64 | 0.1.5 | 6.00 | 49.00 | 55.00 | OK | |
| r-patched-linux-x86_64 | 0.1.5 | 3.48 | 30.29 | 33.77 | OK | |
| r-release-linux-x86_64 | 0.1.5 | 3.24 | 30.11 | 33.35 | OK | |
| r-release-macos-arm64 | 0.1.5 | 2.00 | 20.00 | 22.00 | OK | |
| r-release-macos-x86_64 | 0.1.5 | 3.00 | 40.00 | 43.00 | OK | |
| r-release-windows-x86_64 | 0.1.5 | 7.00 | 50.00 | 57.00 | OK | |
| r-oldrel-macos-arm64 | 0.1.5 | 2.00 | 18.00 | 20.00 | OK | |
| r-oldrel-macos-x86_64 | 0.1.5 | 3.00 | 25.00 | 28.00 | OK | |
| r-oldrel-windows-x86_64 | 0.1.5 | 7.00 | 57.00 | 64.00 | OK |
Version: 0.1.5
Check: CRAN incoming feasibility
Result: NOTE
Maintainer: ‘Alex Pickering <alexvpickering@gmail.com>’
No Authors@R field in DESCRIPTION.
Please add one, modifying
Authors@R: person(given = "Alex",
family = "Pickering",
role = c("aut", "cre"),
email = "alexvpickering@gmail.com")
as necessary.
Flavors: r-devel-linux-x86_64-debian-clang, r-devel-linux-x86_64-debian-gcc
Version: 0.1.5
Check: HTML version of manual
Result: NOTE
Found the following HTML validation problems:
textAreaInputWithButtons.html:87:1 (textAreaInputWithButtons.Rd:37): Warning: missing </ul> before </div>
textInputWithButtons.html:98:1 (textInputWithButtons.Rd:44): Warning: missing </ul> before </div>
textInputWithValidation.html:70:1 (textInputWithValidation.Rd:26): Warning: missing </ul> before </div>
Flavor: r-devel-linux-x86_64-debian-clang
These binaries (installable software) and packages are in development.
They may not be fully stable and should be used with caution. We make no claims about them.