Last updated on 2025-11-13 03:51:18 CET.
| Flavor | Version | Tinstall | Tcheck | Ttotal | Status | Flags |
|---|---|---|---|---|---|---|
| r-devel-linux-x86_64-debian-clang | 1.2 | 6.84 | 49.05 | 55.89 | NOTE | |
| r-devel-linux-x86_64-debian-gcc | 1.2 | 4.37 | 36.57 | 40.94 | NOTE | |
| r-devel-linux-x86_64-fedora-clang | 1.2 | 16.00 | 69.68 | 85.68 | NOTE | |
| r-devel-linux-x86_64-fedora-gcc | 1.2 | 31.00 | 52.30 | 83.30 | NOTE | |
| r-devel-windows-x86_64 | 1.2 | 11.00 | 60.00 | 71.00 | NOTE | |
| r-patched-linux-x86_64 | 1.2 | 6.59 | 45.73 | 52.32 | NOTE | |
| r-release-linux-x86_64 | 1.2 | 6.81 | 45.52 | 52.33 | NOTE | |
| r-release-macos-arm64 | 1.2 | 3.00 | 25.00 | 28.00 | NOTE | |
| r-release-macos-x86_64 | 1.2 | 5.00 | 42.00 | 47.00 | NOTE | |
| r-release-windows-x86_64 | 1.2 | 10.00 | 60.00 | 70.00 | NOTE | |
| r-oldrel-macos-arm64 | 1.2 | 3.00 | 25.00 | 28.00 | NOTE | |
| r-oldrel-macos-x86_64 | 1.2 | 5.00 | 34.00 | 39.00 | NOTE | |
| r-oldrel-windows-x86_64 | 1.2 | 11.00 | 65.00 | 76.00 | NOTE |
Version: 1.2
Check: Rd files
Result: NOTE
checkRd: (-1) shiny_pivot_table.Rd:58: Lost braces in \itemize; meant \describe ?
checkRd: (-1) shiny_pivot_table.Rd:59: Lost braces in \itemize; meant \describe ?
checkRd: (-1) shiny_pivot_table.Rd:60: Lost braces in \itemize; meant \describe ?
checkRd: (-1) shiny_pivot_table.Rd:61: Lost braces in \itemize; meant \describe ?
checkRd: (-1) shiny_pivot_table.Rd:62: Lost braces in \itemize; meant \describe ?
checkRd: (-1) shiny_pivot_table.Rd:63: Lost braces in \itemize; meant \describe ?
checkRd: (-1) shiny_pivot_table.Rd:64: Lost braces in \itemize; meant \describe ?
Flavors: r-devel-linux-x86_64-debian-clang, r-devel-linux-x86_64-debian-gcc, r-devel-linux-x86_64-fedora-clang, r-devel-linux-x86_64-fedora-gcc, r-devel-windows-x86_64, r-patched-linux-x86_64, r-release-linux-x86_64, r-release-macos-arm64, r-release-macos-x86_64, r-release-windows-x86_64, r-oldrel-macos-arm64, r-oldrel-macos-x86_64, r-oldrel-windows-x86_64
These binaries (installable software) and packages are in development.
They may not be fully stable and should be used with caution. We make no claims about them.