Last updated on 2025-02-19 17:51:04 CET.
Flavor | Version | Tinstall | Tcheck | Ttotal | Status | Flags |
---|---|---|---|---|---|---|
r-devel-linux-x86_64-debian-clang | 1.2 | 6.57 | 46.47 | 53.04 | NOTE | |
r-devel-linux-x86_64-debian-gcc | 1.2 | 4.77 | 34.11 | 38.88 | NOTE | |
r-devel-linux-x86_64-fedora-clang | 1.2 | 86.83 | NOTE | |||
r-devel-linux-x86_64-fedora-gcc | 1.2 | 79.84 | NOTE | |||
r-devel-macos-arm64 | 1.2 | 28.00 | NOTE | |||
r-devel-macos-x86_64 | 1.2 | 47.00 | NOTE | |||
r-devel-windows-x86_64 | 1.2 | 8.00 | 64.00 | 72.00 | NOTE | |
r-patched-linux-x86_64 | 1.2 | 5.47 | 43.08 | 48.55 | NOTE | |
r-release-linux-x86_64 | 1.2 | 5.93 | 43.31 | 49.24 | NOTE | |
r-release-macos-arm64 | 1.2 | 28.00 | NOTE | |||
r-release-macos-x86_64 | 1.2 | 39.00 | NOTE | |||
r-release-windows-x86_64 | 1.2 | 9.00 | 61.00 | 70.00 | NOTE | |
r-oldrel-macos-arm64 | 1.2 | 23.00 | OK | |||
r-oldrel-macos-x86_64 | 1.2 | 42.00 | OK | |||
r-oldrel-windows-x86_64 | 1.2 | 11.00 | 70.00 | 81.00 | OK |
Version: 1.2
Check: Rd files
Result: NOTE
checkRd: (-1) shiny_pivot_table.Rd:58: Lost braces in \itemize; meant \describe ?
checkRd: (-1) shiny_pivot_table.Rd:59: Lost braces in \itemize; meant \describe ?
checkRd: (-1) shiny_pivot_table.Rd:60: Lost braces in \itemize; meant \describe ?
checkRd: (-1) shiny_pivot_table.Rd:61: Lost braces in \itemize; meant \describe ?
checkRd: (-1) shiny_pivot_table.Rd:62: Lost braces in \itemize; meant \describe ?
checkRd: (-1) shiny_pivot_table.Rd:63: Lost braces in \itemize; meant \describe ?
checkRd: (-1) shiny_pivot_table.Rd:64: Lost braces in \itemize; meant \describe ?
Flavors: r-devel-linux-x86_64-debian-clang, r-devel-linux-x86_64-debian-gcc, r-devel-linux-x86_64-fedora-clang, r-devel-linux-x86_64-fedora-gcc, r-devel-macos-arm64, r-devel-macos-x86_64, r-devel-windows-x86_64, r-patched-linux-x86_64, r-release-linux-x86_64, r-release-macos-arm64, r-release-macos-x86_64, r-release-windows-x86_64
These binaries (installable software) and packages are in development.
They may not be fully stable and should be used with caution. We make no claims about them.