Last updated on 2025-11-13 17:50:48 CET.
| Flavor | Version | Tinstall | Tcheck | Ttotal | Status | Flags |
|---|---|---|---|---|---|---|
| r-devel-linux-x86_64-debian-clang | 0.1.0 | 17.10 | 124.25 | 141.35 | NOTE | |
| r-devel-linux-x86_64-debian-gcc | 0.1.0 | 13.04 | 87.20 | 100.24 | NOTE | |
| r-devel-linux-x86_64-fedora-clang | 0.1.0 | 108.00 | 125.56 | 233.56 | OK | |
| r-devel-linux-x86_64-fedora-gcc | 0.1.0 | 112.00 | 109.55 | 221.55 | OK | |
| r-devel-windows-x86_64 | 0.1.0 | 18.00 | 113.00 | 131.00 | OK | |
| r-patched-linux-x86_64 | 0.1.0 | 16.02 | 112.85 | 128.87 | OK | |
| r-release-linux-x86_64 | 0.1.0 | 15.59 | 115.69 | 131.28 | OK | |
| r-release-macos-arm64 | 0.1.0 | 6.00 | 45.00 | 51.00 | OK | |
| r-release-macos-x86_64 | 0.1.0 | 12.00 | 76.00 | 88.00 | OK | |
| r-release-windows-x86_64 | 0.1.0 | 19.00 | 113.00 | 132.00 | OK | |
| r-oldrel-macos-arm64 | 0.1.0 | 6.00 | 45.00 | 51.00 | NOTE | |
| r-oldrel-macos-x86_64 | 0.1.0 | 9.00 | 64.00 | 73.00 | NOTE | |
| r-oldrel-windows-x86_64 | 0.1.0 | 24.00 | 148.00 | 172.00 | NOTE |
Version: 0.1.0
Check: CRAN incoming feasibility
Result: NOTE
Maintainer: ‘Alberto Almuiña <albertogonzalezalmuinha@gmail.com>’
No Authors@R field in DESCRIPTION.
Please add one, modifying
Authors@R: person(given = "Alberto",
family = "Almuiña",
role = c("aut", "cre"),
email = "albertogonzalezalmuinha@gmail.com")
as necessary.
Flavors: r-devel-linux-x86_64-debian-clang, r-devel-linux-x86_64-debian-gcc
Version: 0.1.0
Check: LazyData
Result: NOTE
'LazyData' is specified without a 'data' directory
Flavors: r-oldrel-macos-arm64, r-oldrel-macos-x86_64, r-oldrel-windows-x86_64
These binaries (installable software) and packages are in development.
They may not be fully stable and should be used with caution. We make no claims about them.