Last updated on 2025-05-01 15:49:45 CEST.
Flavor | Version | Tinstall | Tcheck | Ttotal | Status | Flags |
---|---|---|---|---|---|---|
r-devel-linux-x86_64-debian-clang | 0.1.0 | 16.05 | 111.81 | 127.86 | NOTE | |
r-devel-linux-x86_64-debian-gcc | 0.1.0 | 11.22 | 81.51 | 92.73 | NOTE | |
r-devel-linux-x86_64-fedora-clang | 0.1.0 | 197.91 | OK | |||
r-devel-linux-x86_64-fedora-gcc | 0.1.0 | 180.49 | OK | |||
r-devel-windows-x86_64 | 0.1.0 | 16.00 | 113.00 | 129.00 | OK | |
r-patched-linux-x86_64 | 0.1.0 | 14.22 | 105.12 | 119.34 | OK | |
r-release-linux-x86_64 | OK | |||||
r-release-macos-arm64 | 0.1.0 | 51.00 | OK | |||
r-release-macos-x86_64 | 0.1.0 | 88.00 | OK | |||
r-release-windows-x86_64 | 0.1.0 | 17.00 | 117.00 | 134.00 | OK | |
r-oldrel-macos-arm64 | 0.1.0 | 51.00 | NOTE | |||
r-oldrel-macos-x86_64 | 0.1.0 | 73.00 | NOTE | |||
r-oldrel-windows-x86_64 | 0.1.0 | 21.00 | 142.00 | 163.00 | NOTE |
Version: 0.1.0
Check: CRAN incoming feasibility
Result: NOTE
Maintainer: ‘Alberto Almuiña <albertogonzalezalmuinha@gmail.com>’
No Authors@R field in DESCRIPTION.
Please add one, modifying
Authors@R: person(given = "Alberto",
family = "Almuiña",
role = c("aut", "cre"),
email = "albertogonzalezalmuinha@gmail.com")
as necessary.
Flavors: r-devel-linux-x86_64-debian-clang, r-devel-linux-x86_64-debian-gcc
Version: 0.1.0
Check: LazyData
Result: NOTE
'LazyData' is specified without a 'data' directory
Flavors: r-oldrel-macos-arm64, r-oldrel-macos-x86_64, r-oldrel-windows-x86_64
These binaries (installable software) and packages are in development.
They may not be fully stable and should be used with caution. We make no claims about them.