CRAN Package Check Results for Package shinystan

Last updated on 2025-05-25 09:49:56 CEST.

Flavor Version Tinstall Tcheck Ttotal Status Flags
r-devel-linux-x86_64-debian-clang 2.6.0 22.88 161.95 184.83 OK
r-devel-linux-x86_64-debian-gcc 2.6.0 19.65 116.67 136.32 OK
r-devel-linux-x86_64-fedora-clang 2.6.0 282.14 OK
r-devel-linux-x86_64-fedora-gcc 2.6.0 276.59 OK
r-devel-windows-x86_64 2.6.0 19.00 153.00 172.00 OK
r-patched-linux-x86_64 2.6.0 24.10 155.33 179.43 OK
r-release-linux-x86_64 2.6.0 25.50 157.13 182.63 OK
r-release-macos-arm64 2.6.0 69.00 OK
r-release-macos-x86_64 2.6.0 166.00 OK
r-release-windows-x86_64 2.6.0 17.00 150.00 167.00 OK
r-oldrel-macos-arm64 2.6.0 79.00 NOTE
r-oldrel-macos-x86_64 2.6.0 139.00 NOTE
r-oldrel-windows-x86_64 2.6.0 25.00 190.00 215.00 NOTE

Check Details

Version: 2.6.0
Check: package dependencies
Result: NOTE Package suggested but not available for checking: ‘cmdstanr’ Flavors: r-oldrel-macos-arm64, r-oldrel-macos-x86_64, r-oldrel-windows-x86_64

These binaries (installable software) and packages are in development.
They may not be fully stable and should be used with caution. We make no claims about them.