CRAN Package Check Results for Package shinystan

Last updated on 2025-07-26 07:50:34 CEST.

Flavor Version Tinstall Tcheck Ttotal Status Flags
r-devel-linux-x86_64-debian-clang 2.6.0 24.03 162.79 186.82 OK
r-devel-linux-x86_64-debian-gcc 2.6.0 19.18 116.43 135.61 OK
r-devel-linux-x86_64-fedora-clang 2.6.0 291.79 OK
r-devel-linux-x86_64-fedora-gcc 2.6.0 295.96 OK
r-devel-windows-x86_64 2.6.0 18.00 149.00 167.00 OK
r-patched-linux-x86_64 2.6.0 23.98 154.45 178.43 OK
r-release-linux-x86_64 2.6.0 23.90 156.21 180.11 OK
r-release-macos-arm64 2.6.0 69.00 OK
r-release-macos-x86_64 2.6.0 166.00 OK
r-release-windows-x86_64 2.6.0 18.00 149.00 167.00 OK
r-oldrel-macos-arm64 2.6.0 79.00 NOTE
r-oldrel-macos-x86_64 2.6.0 139.00 NOTE
r-oldrel-windows-x86_64 2.6.0 24.00 191.00 215.00 NOTE

Check Details

Version: 2.6.0
Check: package dependencies
Result: NOTE Package suggested but not available for checking: ‘cmdstanr’ Flavors: r-oldrel-macos-arm64, r-oldrel-macos-x86_64, r-oldrel-windows-x86_64

These binaries (installable software) and packages are in development.
They may not be fully stable and should be used with caution. We make no claims about them.