Last updated on 2025-02-23 01:51:54 CET.
Flavor | Version | Tinstall | Tcheck | Ttotal | Status | Flags |
---|---|---|---|---|---|---|
r-devel-linux-x86_64-debian-clang | 0.3.2 | 12.64 | 74.35 | 86.99 | NOTE | |
r-devel-linux-x86_64-debian-gcc | 0.3.2 | 7.60 | 54.84 | 62.44 | NOTE | |
r-devel-linux-x86_64-fedora-clang | 0.3.2 | 150.55 | WARN | |||
r-devel-linux-x86_64-fedora-gcc | 0.3.2 | 153.86 | OK | |||
r-devel-macos-arm64 | 0.3.2 | 78.00 | OK | |||
r-devel-macos-x86_64 | 0.3.2 | 143.00 | OK | |||
r-devel-windows-x86_64 | 0.3.2 | 18.00 | 103.00 | 121.00 | NOTE | |
r-patched-linux-x86_64 | 0.3.2 | 14.87 | 69.76 | 84.63 | OK | |
r-release-linux-x86_64 | 0.3.2 | 10.86 | 70.41 | 81.27 | OK | |
r-release-macos-arm64 | 0.3.2 | 81.00 | OK | |||
r-release-macos-x86_64 | 0.3.2 | 117.00 | OK | |||
r-release-windows-x86_64 | 0.3.2 | 18.00 | 102.00 | 120.00 | OK | |
r-oldrel-macos-arm64 | 0.3.2 | 87.00 | OK | |||
r-oldrel-macos-x86_64 | 0.3.2 | 140.00 | OK | |||
r-oldrel-windows-x86_64 | 0.3.2 | 19.00 | 112.00 | 131.00 | OK |
Version: 0.3.2
Check: Rd cross-references
Result: NOTE
Found the following Rd file(s) with Rd \link{} targets missing package
anchors:
AppDriver.Rd: ChromoteSession
Please provide package anchors for all Rd \link{} targets not in the
package itself and the base packages.
Flavors: r-devel-linux-x86_64-debian-clang, r-devel-linux-x86_64-debian-gcc, r-devel-windows-x86_64
Version: 0.3.2
Check: whether package can be installed
Result: WARN
Found the following significant warnings:
/data/gannet/ripley/R/test-clang/cpp11/include/cpp11/R.hpp:52:31: warning: identifier '_xl' preceded by whitespace in a literal operator declaration is deprecated [-Wdeprecated-literal-operator]
/data/gannet/ripley/R/test-clang/cpp11/include/cpp11/named_arg.hpp:42:29: warning: identifier '_nm' preceded by whitespace in a literal operator declaration is deprecated [-Wdeprecated-literal-operator]
See ‘/data/gannet/ripley/R/packages/tests-clang/shinytest2.Rcheck/00install.out’ for details.
* used C++ compiler: ‘clang version 20.1.0-rc2’
Flavor: r-devel-linux-x86_64-fedora-clang
These binaries (installable software) and packages are in development.
They may not be fully stable and should be used with caution. We make no claims about them.