Last updated on 2024-07-27 15:50:33 CEST.
Flavor | Version | Tinstall | Tcheck | Ttotal | Status | Flags |
---|---|---|---|---|---|---|
r-devel-linux-x86_64-debian-clang | 1.17.1 | 9.33 | 117.37 | 126.70 | NOTE | |
r-devel-linux-x86_64-debian-gcc | 1.17.1 | NOTE | ||||
r-devel-linux-x86_64-fedora-clang | 1.17.1 | 162.53 | NOTE | |||
r-devel-linux-x86_64-fedora-gcc | 1.17.1 | 146.51 | NOTE | |||
r-devel-windows-x86_64 | 1.17.1 | 10.00 | 132.00 | 142.00 | NOTE | |
r-patched-linux-x86_64 | 1.17.1 | NOTE | ||||
r-release-linux-x86_64 | 1.17.1 | 8.85 | 112.59 | 121.44 | NOTE | |
r-release-macos-arm64 | 1.17.1 | 45.00 | NOTE | |||
r-release-macos-x86_64 | 1.17.1 | 88.00 | NOTE | |||
r-release-windows-x86_64 | 1.17.1 | 11.00 | 135.00 | 146.00 | NOTE | |
r-oldrel-macos-arm64 | 1.17.1 | 49.00 | OK | |||
r-oldrel-macos-x86_64 | 1.17.1 | 84.00 | OK | |||
r-oldrel-windows-x86_64 | 1.17.1 | 10.00 | 164.00 | 174.00 | OK |
Version: 1.17.1
Check: Rd files
Result: NOTE
checkRd: (-1) MrBayes.Rd:24: Lost braces
24 | \item{contype}{A character string; the type of consensus tree calculated from the posterior distribution of trees}{either "halfcompat" (majority-rule consensus tree) or "allcombat" (strict consensus tree)}
| ^
Flavors: r-devel-linux-x86_64-debian-clang, r-devel-linux-x86_64-debian-gcc, r-devel-linux-x86_64-fedora-clang, r-devel-linux-x86_64-fedora-gcc, r-devel-windows-x86_64, r-patched-linux-x86_64, r-release-linux-x86_64, r-release-macos-arm64, r-release-macos-x86_64, r-release-windows-x86_64
These binaries (installable software) and packages are in development.
They may not be fully stable and should be used with caution. We make no claims about them.