Last updated on 2025-05-01 15:49:45 CEST.
Flavor | Version | Tinstall | Tcheck | Ttotal | Status | Flags |
---|---|---|---|---|---|---|
r-devel-linux-x86_64-debian-clang | 1.0 | 3.02 | 73.85 | 76.87 | NOTE | |
r-devel-linux-x86_64-debian-gcc | 1.0 | 2.45 | 47.49 | 49.94 | NOTE | |
r-devel-linux-x86_64-fedora-clang | 1.0 | 123.80 | OK | |||
r-devel-linux-x86_64-fedora-gcc | 1.0 | 113.64 | OK | |||
r-devel-windows-x86_64 | 1.0 | 5.00 | 87.00 | 92.00 | OK | |
r-patched-linux-x86_64 | 1.0 | 3.40 | 71.14 | 74.54 | OK | |
r-release-linux-x86_64 | OK | |||||
r-release-macos-arm64 | 1.0 | 39.00 | OK | |||
r-release-macos-x86_64 | 1.0 | 89.00 | OK | |||
r-release-windows-x86_64 | 1.0 | 5.00 | 96.00 | 101.00 | OK | |
r-oldrel-macos-arm64 | 1.0 | 32.00 | OK | |||
r-oldrel-macos-x86_64 | 1.0 | 59.00 | OK | |||
r-oldrel-windows-x86_64 | 1.0 | 5.00 | 106.00 | 111.00 | OK |
Version: 1.0
Check: CRAN incoming feasibility
Result: NOTE
Maintainer: ‘Melina Gallopin <melina.gallopin@gmail.com>’
No Authors@R field in DESCRIPTION.
Please add one, modifying
Authors@R: c(person(given = "Emilie",
family = "Devijver",
role = "aut"),
person(given = "Melina",
family = "Gallopin",
role = c("aut", "cre"),
email = "melina.gallopin@gmail.com"))
as necessary.
Flavors: r-devel-linux-x86_64-debian-clang, r-devel-linux-x86_64-debian-gcc
Version: 1.0
Check: examples
Result: NOTE
Examples with CPU (user + system) or elapsed time > 5s
user system elapsed
shock-package 11.050 0.181 13.483
computeLoglikeFromPartition 10.707 0.213 11.649
shockSelect 10.750 0.083 13.311
thresholdAbsSPath 10.671 0.138 13.340
Flavor: r-devel-linux-x86_64-debian-clang
Version: 1.0
Check: examples
Result: NA
user system elapsed
shock-package 6.005 0.082 6.466
computeLoglikeFromPartition 5.814 0.193 6.683
thresholdAbsSPath 5.863 0.095 6.381
shockSelect 5.733 0.106 6.184
OK
Flavor: r-devel-linux-x86_64-debian-gcc
These binaries (installable software) and packages are in development.
They may not be fully stable and should be used with caution. We make no claims about them.