Last updated on 2025-10-23 11:50:28 CEST.
Flavor | Version | Tinstall | Tcheck | Ttotal | Status | Flags |
---|---|---|---|---|---|---|
r-devel-linux-x86_64-debian-clang | 0.1.0 | 22.60 | 144.92 | 167.52 | OK | |
r-devel-linux-x86_64-debian-gcc | 0.1.0 | 20.69 | 90.42 | 111.11 | OK | |
r-devel-linux-x86_64-fedora-clang | 0.1.0 | 58.00 | 222.03 | 280.03 | OK | |
r-devel-linux-x86_64-fedora-gcc | 0.1.0 | 49.00 | 250.75 | 299.75 | OK | |
r-devel-windows-x86_64 | 0.1.0 | 27.00 | 166.00 | 193.00 | OK | |
r-patched-linux-x86_64 | 0.1.0 | 21.98 | 139.13 | 161.11 | OK | |
r-release-linux-x86_64 | 0.1.0 | 23.59 | 139.20 | 162.79 | OK | |
r-release-macos-arm64 | 0.1.0 | 19.00 | 69.00 | 88.00 | OK | |
r-release-macos-x86_64 | 0.1.0 | 23.00 | 177.00 | 200.00 | OK | |
r-release-windows-x86_64 | 0.1.0 | 27.00 | 150.00 | 177.00 | OK | |
r-oldrel-macos-arm64 | 0.1.0 | 17.00 | 70.00 | 87.00 | NOTE | |
r-oldrel-macos-x86_64 | 0.1.0 | 38.00 | 165.00 | 203.00 | NOTE | |
r-oldrel-windows-x86_64 | 0.1.0 | 31.00 | 183.00 | 214.00 | OK |
Version: 0.1.0
Check: installed package size
Result: NOTE
installed size is 5.0Mb
sub-directories of 1Mb or more:
data 4.9Mb
Flavors: r-oldrel-macos-arm64, r-oldrel-macos-x86_64
These binaries (installable software) and packages are in development.
They may not be fully stable and should be used with caution. We make no claims about them.