Last updated on 2025-11-12 23:50:59 CET.
| Flavor | Version | Tinstall | Tcheck | Ttotal | Status | Flags |
|---|---|---|---|---|---|---|
| r-devel-linux-x86_64-debian-clang | 0.1.0 | 25.02 | 144.46 | 169.48 | OK | |
| r-devel-linux-x86_64-debian-gcc | 0.1.0 | 21.99 | 96.64 | 118.63 | OK | |
| r-devel-linux-x86_64-fedora-clang | 0.1.0 | 47.00 | 233.62 | 280.62 | OK | |
| r-devel-linux-x86_64-fedora-gcc | 0.1.0 | 69.00 | 232.15 | 301.15 | OK | |
| r-devel-windows-x86_64 | 0.1.0 | 30.00 | 143.00 | 173.00 | OK | |
| r-patched-linux-x86_64 | 0.1.0 | 22.34 | 139.67 | 162.01 | OK | |
| r-release-linux-x86_64 | 0.1.0 | 23.61 | 138.55 | 162.16 | OK | |
| r-release-macos-arm64 | 0.1.0 | 19.00 | 69.00 | 88.00 | OK | |
| r-release-macos-x86_64 | 0.1.0 | 23.00 | 177.00 | 200.00 | OK | |
| r-release-windows-x86_64 | 0.1.0 | 28.00 | 143.00 | 171.00 | OK | |
| r-oldrel-macos-arm64 | 0.1.0 | 17.00 | 70.00 | 87.00 | NOTE | |
| r-oldrel-macos-x86_64 | 0.1.0 | 38.00 | 165.00 | 203.00 | NOTE | |
| r-oldrel-windows-x86_64 | 0.1.0 | 34.00 | 181.00 | 215.00 | OK |
Version: 0.1.0
Check: installed package size
Result: NOTE
installed size is 5.0Mb
sub-directories of 1Mb or more:
data 4.9Mb
Flavors: r-oldrel-macos-arm64, r-oldrel-macos-x86_64
These binaries (installable software) and packages are in development.
They may not be fully stable and should be used with caution. We make no claims about them.