Last updated on 2025-07-26 07:50:34 CEST.
Flavor | Version | Tinstall | Tcheck | Ttotal | Status | Flags |
---|---|---|---|---|---|---|
r-devel-linux-x86_64-debian-clang | 0.1.0 | 21.56 | 141.01 | 162.57 | OK | |
r-devel-linux-x86_64-debian-gcc | 0.1.0 | 21.30 | 90.69 | 111.99 | OK | |
r-devel-linux-x86_64-fedora-clang | 0.1.0 | 294.61 | OK | |||
r-devel-linux-x86_64-fedora-gcc | 0.1.0 | 308.42 | OK | |||
r-devel-windows-x86_64 | 0.1.0 | 28.00 | 163.00 | 191.00 | OK | |
r-release-macos-x86_64 | 0.1.0 | 200.00 | OK | |||
r-release-windows-x86_64 | 0.1.0 | 27.00 | 169.00 | 196.00 | OK | |
r-oldrel-macos-x86_64 | 0.1.0 | 203.00 | NOTE | |||
r-oldrel-windows-x86_64 | 0.1.0 | 33.00 | 187.00 | 220.00 | OK |
Version: 0.1.0
Check: installed package size
Result: NOTE
installed size is 5.0Mb
sub-directories of 1Mb or more:
data 4.9Mb
Flavor: r-oldrel-macos-x86_64
These binaries (installable software) and packages are in development.
They may not be fully stable and should be used with caution. We make no claims about them.