CRAN Package Check Results for Package shortcuts

Last updated on 2025-11-17 13:49:48 CET.

Flavor Version Tinstall Tcheck Ttotal Status Flags
r-devel-linux-x86_64-debian-clang 1.4.0 1.87 19.99 21.86 NOTE
r-devel-linux-x86_64-debian-gcc 1.4.0 1.55 16.55 18.10 NOTE
r-devel-linux-x86_64-fedora-clang 1.4.0 30.39 OK
r-devel-linux-x86_64-fedora-gcc 1.4.0 30.47 OK
r-devel-windows-x86_64 1.4.0 6.00 37.00 43.00 OK
r-patched-linux-x86_64 1.4.0 1.91 17.72 19.63 OK
r-release-linux-x86_64 1.4.0 1.95 17.78 19.73 OK
r-release-macos-arm64 1.4.0 1.00 14.00 15.00 OK
r-release-macos-x86_64 1.4.0 2.00 20.00 22.00 OK
r-release-windows-x86_64 1.4.0 3.00 38.00 41.00 OK
r-oldrel-macos-arm64 1.4.0 1.00 14.00 15.00 NOTE
r-oldrel-macos-x86_64 1.4.0 2.00 18.00 20.00 NOTE
r-oldrel-windows-x86_64 1.4.0 3.00 43.00 46.00 NOTE

Check Details

Version: 1.4.0
Check: CRAN incoming feasibility
Result: NOTE Maintainer: ‘José Carlos Del Valle <jcval94@gmail.com>’ No Authors@R field in DESCRIPTION. Please add one, modifying Authors@R: person(given = c("José", "Carlos", "Del"), family = "Valle", role = c("aut", "cre"), email = "jcval94@gmail.com") as necessary. Flavors: r-devel-linux-x86_64-debian-clang, r-devel-linux-x86_64-debian-gcc

Version: 1.4.0
Check: LazyData
Result: NOTE 'LazyData' is specified without a 'data' directory Flavors: r-oldrel-macos-arm64, r-oldrel-macos-x86_64, r-oldrel-windows-x86_64

These binaries (installable software) and packages are in development.
They may not be fully stable and should be used with caution. We make no claims about them.