Last updated on 2025-05-01 14:49:22 CEST.
Flavor | Version | Tinstall | Tcheck | Ttotal | Status | Flags |
---|---|---|---|---|---|---|
r-devel-linux-x86_64-debian-clang | 3.2.0 | 4.49 | 42.59 | 47.08 | NOTE | |
r-devel-linux-x86_64-debian-gcc | 3.2.0 | 3.26 | 30.10 | 33.36 | OK | |
r-devel-linux-x86_64-fedora-clang | 3.2.0 | 69.77 | OK | |||
r-devel-linux-x86_64-fedora-gcc | 3.2.0 | 65.36 | OK | |||
r-devel-windows-x86_64 | 3.2.0 | 7.00 | 68.00 | 75.00 | OK | |
r-patched-linux-x86_64 | 3.2.0 | 5.20 | 37.99 | 43.19 | OK | |
r-release-linux-x86_64 | OK | |||||
r-release-macos-arm64 | 3.2.0 | 25.00 | OK | |||
r-release-macos-x86_64 | 3.2.0 | 48.00 | OK | |||
r-release-windows-x86_64 | 3.2.0 | 8.00 | 75.00 | 83.00 | OK | |
r-oldrel-macos-arm64 | 3.2.0 | 25.00 | OK | |||
r-oldrel-macos-x86_64 | 3.2.0 | 38.00 | OK | |||
r-oldrel-windows-x86_64 | 3.2.0 | 8.00 | 73.00 | 81.00 | OK |
Version: 3.2.0
Check: examples
Result: NOTE
Examples with CPU (user + system) or elapsed time > 5s
user system elapsed
model_functions 3.957 0.1 5.039
Flavor: r-devel-linux-x86_64-debian-clang
These binaries (installable software) and packages are in development.
They may not be fully stable and should be used with caution. We make no claims about them.