Last updated on 2025-05-08 04:52:19 CEST.
Flavor | Version | Tinstall | Tcheck | Ttotal | Status | Flags |
---|---|---|---|---|---|---|
r-devel-linux-x86_64-debian-clang | 0.8.2 | 17.60 | 165.26 | 182.86 | NOTE | |
r-devel-linux-x86_64-debian-gcc | 0.8.2 | 11.86 | 114.96 | 126.82 | NOTE | |
r-devel-linux-x86_64-fedora-clang | 0.8.2 | 285.20 | OK | |||
r-devel-linux-x86_64-fedora-gcc | 0.8.2 | 282.47 | OK | |||
r-devel-windows-x86_64 | 0.8.2 | 19.00 | 197.00 | 216.00 | OK | |
r-patched-linux-x86_64 | 0.8.2 | 19.47 | 155.87 | 175.34 | OK | |
r-release-linux-x86_64 | 0.8.2 | 15.39 | 155.63 | 171.02 | OK | |
r-release-macos-arm64 | 0.8.2 | 101.00 | OK | |||
r-release-macos-x86_64 | 0.8.2 | 213.00 | OK | |||
r-release-windows-x86_64 | 0.8.2 | 21.00 | 196.00 | 217.00 | OK | |
r-oldrel-macos-arm64 | 0.8.2 | 89.00 | OK | |||
r-oldrel-macos-x86_64 | 0.8.2 | 204.00 | OK | |||
r-oldrel-windows-x86_64 | 0.8.2 | 26.00 | 233.00 | 259.00 | OK |
Version: 0.8.2
Check: CRAN incoming feasibility
Result: NOTE
Maintainer: ‘Daniel Wollschlaeger <dwoll@kuci.org>’
No Authors@R field in DESCRIPTION.
Please add one, modifying
Authors@R: person(given = "Daniel",
family = "Wollschlaeger",
role = c("aut", "cre"),
email = "dwoll@kuci.org")
as necessary.
Flavors: r-devel-linux-x86_64-debian-clang, r-devel-linux-x86_64-debian-gcc
These binaries (installable software) and packages are in development.
They may not be fully stable and should be used with caution. We make no claims about them.