CRAN Package Check Results for Package showimage

Last updated on 2025-07-02 03:50:52 CEST.

Flavor Version Tinstall Tcheck Ttotal Status Flags
r-devel-linux-x86_64-debian-clang 1.0.0 1.56 18.52 20.08 NOTE
r-devel-linux-x86_64-debian-gcc 1.0.0 1.37 15.82 17.19 NOTE
r-devel-linux-x86_64-fedora-clang 1.0.0 31.67 OK
r-devel-linux-x86_64-fedora-gcc 1.0.0 29.83 OK
r-devel-windows-x86_64 1.0.0 3.00 40.00 43.00 OK
r-patched-linux-x86_64 OK
r-release-linux-x86_64 1.0.0 1.45 17.78 19.23 OK
r-release-macos-arm64 1.0.0 15.00 OK
r-release-macos-x86_64 1.0.0 23.00 OK
r-release-windows-x86_64 1.0.0 3.00 41.00 44.00 OK
r-oldrel-macos-arm64 1.0.0 15.00 NOTE
r-oldrel-macos-x86_64 1.0.0 19.00 NOTE
r-oldrel-windows-x86_64 1.0.0 3.00 41.00 44.00 NOTE

Check Details

Version: 1.0.0
Check: CRAN incoming feasibility
Result: NOTE Maintainer: ‘Gábor Csárdi <csardi.gabor@gmail.com>’ No Authors@R field in DESCRIPTION. Please add one, modifying Authors@R: person(given = "Gábor", family = "Csárdi", role = c("aut", "cre"), email = "csardi.gabor@gmail.com") as necessary. Flavors: r-devel-linux-x86_64-debian-clang, r-devel-linux-x86_64-debian-gcc

Version: 1.0.0
Check: LazyData
Result: NOTE 'LazyData' is specified without a 'data' directory Flavors: r-oldrel-macos-arm64, r-oldrel-macos-x86_64, r-oldrel-windows-x86_64

These binaries (installable software) and packages are in development.
They may not be fully stable and should be used with caution. We make no claims about them.