CRAN Package Check Results for Package showtext

Last updated on 2025-11-12 18:50:46 CET.

Flavor Version Tinstall Tcheck Ttotal Status Flags
r-devel-linux-x86_64-debian-clang 0.9-7 6.05 34.26 40.31 NOTE
r-devel-linux-x86_64-debian-gcc 0.9-7 4.88 26.51 31.39 NOTE
r-devel-linux-x86_64-fedora-clang 0.9-7 14.00 47.90 61.90 OK
r-devel-linux-x86_64-fedora-gcc 0.9-7 25.00 51.36 76.36 OK
r-devel-windows-x86_64 0.9-7 22.00 61.00 83.00 OK
r-patched-linux-x86_64 0.9-7 5.02 32.11 37.13 OK
r-release-linux-x86_64 0.9-7 4.74 32.46 37.20 OK
r-release-macos-arm64 0.9-7 11.00 36.00 47.00 OK
r-release-macos-x86_64 0.9-7 16.00 57.00 73.00 OK
r-release-windows-x86_64 0.9-7 21.00 55.00 76.00 OK
r-oldrel-macos-arm64 0.9-7 9.00 30.00 39.00 OK
r-oldrel-macos-x86_64 0.9-7 13.00 42.00 55.00 OK
r-oldrel-windows-x86_64 0.9-7 25.00 59.00 84.00 OK

Check Details

Version: 0.9-7
Check: CRAN incoming feasibility
Result: NOTE Maintainer: ‘Yixuan Qiu <yixuan.qiu@cos.name>’ No Authors@R field in DESCRIPTION. Please add one, modifying Authors@R: c(person(given = "Yixuan", family = "Qiu", role = c("aut", "cre"), email = "yixuan.qiu@cos.name"), person(given = c("authors/contributors", "of", "the", "included", "software.", "See", "file", "AUTHORS", "for"), family = "details.", role = "aut")) as necessary. Flavors: r-devel-linux-x86_64-debian-clang, r-devel-linux-x86_64-debian-gcc

These binaries (installable software) and packages are in development.
They may not be fully stable and should be used with caution. We make no claims about them.