CRAN Package Check Results for Package showtextdb

Last updated on 2025-05-01 15:49:45 CEST.

Flavor Version Tinstall Tcheck Ttotal Status Flags
r-devel-linux-x86_64-debian-clang 3.0 1.94 17.56 19.50 NOTE
r-devel-linux-x86_64-debian-gcc 3.0 1.58 14.44 16.02 NOTE
r-devel-linux-x86_64-fedora-clang 3.0 29.74 OK
r-devel-linux-x86_64-fedora-gcc 3.0 28.68 OK
r-devel-windows-x86_64 3.0 3.00 43.00 46.00 OK
r-patched-linux-x86_64 3.0 2.02 16.87 18.89 OK
r-release-linux-x86_64 OK
r-release-macos-arm64 3.0 17.00 OK
r-release-macos-x86_64 3.0 26.00 OK
r-release-windows-x86_64 3.0 4.00 46.00 50.00 OK
r-oldrel-macos-arm64 3.0 16.00 OK
r-oldrel-macos-x86_64 3.0 30.00 OK
r-oldrel-windows-x86_64 3.0 4.00 40.00 44.00 OK

Check Details

Version: 3.0
Check: CRAN incoming feasibility
Result: NOTE Maintainer: ‘Yixuan Qiu <yixuan.qiu@cos.name>’ No Authors@R field in DESCRIPTION. Please add one, modifying Authors@R: c(person(given = "Yixuan", family = "Qiu", role = c("aut", "cre"), email = "yixuan.qiu@cos.name"), person(given = c("authors/contributors", "of", "the", "included", "fonts.", "See", "file", "AUTHORS", "for"), family = "details.", role = "aut")) as necessary. Flavors: r-devel-linux-x86_64-debian-clang, r-devel-linux-x86_64-debian-gcc

These binaries (installable software) and packages are in development.
They may not be fully stable and should be used with caution. We make no claims about them.