CRAN Package Check Results for Package shrinkDSM

Last updated on 2025-07-25 09:50:58 CEST.

Flavor Version Tinstall Tcheck Ttotal Status Flags
r-devel-linux-x86_64-debian-clang 1.0.0 62.47 67.18 129.65 OK
r-devel-linux-x86_64-debian-gcc 1.0.0 48.59 50.09 98.68 OK
r-devel-linux-x86_64-fedora-clang 1.0.0 221.50 OK
r-devel-linux-x86_64-fedora-gcc 1.0.0 218.65 OK
r-devel-windows-x86_64 1.0.0 72.00 107.00 179.00 OK
r-patched-linux-x86_64 1.0.0 67.47 63.53 131.00 OK
r-release-linux-x86_64 1.0.0 67.59 64.02 131.61 OK
r-release-macos-arm64 1.0.0 59.00 OK
r-release-macos-x86_64 1.0.0 98.00 OK
r-release-windows-x86_64 1.0.0 71.00 95.00 166.00 OK
r-oldrel-macos-arm64 1.0.0 60.00 NOTE
r-oldrel-macos-x86_64 1.0.0 111.00 NOTE
r-oldrel-windows-x86_64 1.0.0 87.00 119.00 206.00 OK

Check Details

Version: 1.0.0
Check: installed package size
Result: NOTE installed size is 5.2Mb sub-directories of 1Mb or more: libs 5.0Mb Flavors: r-oldrel-macos-arm64, r-oldrel-macos-x86_64

These binaries (installable software) and packages are in development.
They may not be fully stable and should be used with caution. We make no claims about them.