Last updated on 2025-05-21 21:49:30 CEST.
Flavor | Version | Tinstall | Tcheck | Ttotal | Status | Flags |
---|---|---|---|---|---|---|
r-devel-linux-x86_64-debian-clang | 1.0.0 | 66.44 | 66.88 | 133.32 | OK | |
r-devel-linux-x86_64-debian-gcc | 1.0.0 | 48.20 | 49.63 | 97.83 | OK | |
r-devel-linux-x86_64-fedora-clang | 1.0.0 | 231.50 | OK | |||
r-devel-linux-x86_64-fedora-gcc | 1.0.0 | 248.00 | OK | |||
r-devel-windows-x86_64 | 1.0.0 | 72.00 | 111.00 | 183.00 | OK | |
r-patched-linux-x86_64 | 1.0.0 | 65.12 | 63.06 | 128.18 | OK | |
r-release-linux-x86_64 | 1.0.0 | 67.83 | 63.11 | 130.94 | OK | |
r-release-macos-arm64 | 1.0.0 | 59.00 | OK | |||
r-release-macos-x86_64 | 1.0.0 | 98.00 | OK | |||
r-release-windows-x86_64 | 1.0.0 | 71.00 | 111.00 | 182.00 | OK | |
r-oldrel-macos-arm64 | 1.0.0 | 60.00 | NOTE | |||
r-oldrel-macos-x86_64 | 1.0.0 | 111.00 | NOTE | |||
r-oldrel-windows-x86_64 | 1.0.0 | 84.00 | 118.00 | 202.00 | OK |
Version: 1.0.0
Check: installed package size
Result: NOTE
installed size is 5.2Mb
sub-directories of 1Mb or more:
libs 5.0Mb
Flavors: r-oldrel-macos-arm64, r-oldrel-macos-x86_64
These binaries (installable software) and packages are in development.
They may not be fully stable and should be used with caution. We make no claims about them.