Last updated on 2025-07-02 03:50:52 CEST.
Flavor | Version | Tinstall | Tcheck | Ttotal | Status | Flags |
---|---|---|---|---|---|---|
r-devel-linux-x86_64-debian-clang | 3.1.0 | 200.74 | 65.36 | 266.10 | OK | |
r-devel-linux-x86_64-debian-gcc | 3.1.0 | 138.70 | 48.14 | 186.84 | OK | |
r-devel-linux-x86_64-fedora-clang | 3.1.0 | 514.08 | OK | |||
r-devel-linux-x86_64-fedora-gcc | 3.1.0 | 471.60 | OK | |||
r-devel-windows-x86_64 | 3.1.0 | 223.00 | 128.00 | 351.00 | OK | |
r-patched-linux-x86_64 | OK | |||||
r-release-linux-x86_64 | 3.1.0 | 192.28 | 61.71 | 253.99 | OK | |
r-release-macos-arm64 | 3.1.0 | 118.00 | OK | |||
r-release-macos-x86_64 | 3.1.0 | 172.00 | OK | |||
r-release-windows-x86_64 | 3.1.0 | 221.00 | 128.00 | 349.00 | OK | |
r-oldrel-macos-arm64 | 3.1.0 | 117.00 | NOTE | |||
r-oldrel-macos-x86_64 | 3.1.0 | 193.00 | NOTE | |||
r-oldrel-windows-x86_64 | 3.1.0 | 237.00 | 150.00 | 387.00 | OK |
Version: 3.1.0
Check: installed package size
Result: NOTE
installed size is 13.3Mb
sub-directories of 1Mb or more:
libs 12.3Mb
Flavors: r-oldrel-macos-arm64, r-oldrel-macos-x86_64
These binaries (installable software) and packages are in development.
They may not be fully stable and should be used with caution. We make no claims about them.