Last updated on 2025-02-16 08:51:00 CET.
Flavor | Version | Tinstall | Tcheck | Ttotal | Status | Flags |
---|---|---|---|---|---|---|
r-devel-linux-x86_64-debian-clang | 3.0.1 | 197.95 | 65.15 | 263.10 | NOTE | |
r-devel-linux-x86_64-debian-gcc | 3.0.1 | 140.21 | 47.02 | 187.23 | NOTE | |
r-devel-linux-x86_64-fedora-clang | 3.0.1 | 510.81 | OK | |||
r-devel-linux-x86_64-fedora-gcc | 3.0.1 | 545.42 | OK | |||
r-devel-macos-arm64 | 3.0.1 | 106.00 | OK | |||
r-devel-macos-x86_64 | 3.0.1 | 141.00 | OK | |||
r-devel-windows-x86_64 | 3.0.1 | 200.00 | 126.00 | 326.00 | NOTE | |
r-patched-linux-x86_64 | 3.0.1 | 189.98 | 61.67 | 251.65 | OK | |
r-release-linux-x86_64 | 3.0.1 | 190.76 | 62.07 | 252.83 | OK | |
r-release-macos-arm64 | 3.0.1 | 109.00 | NOTE | |||
r-release-macos-x86_64 | 3.0.1 | 113.00 | NOTE | |||
r-release-windows-x86_64 | 3.0.1 | 201.00 | 126.00 | 327.00 | OK | |
r-oldrel-macos-arm64 | 3.0.1 | 130.00 | NOTE | |||
r-oldrel-macos-x86_64 | 3.0.1 | 208.00 | NOTE | |||
r-oldrel-windows-x86_64 | 3.0.1 | 250.00 | 135.00 | 385.00 | OK |
Version: 3.0.1
Check: Rd cross-references
Result: NOTE
Found the following Rd file(s) with Rd \link{} targets missing package
anchors:
shrinkDTVP.Rd: stochvol, svsample
shrinkTVP.Rd: stochvol, svsample
simTVP.Rd: svsim
updateTVP.Rd: stochvol, svsample
Please provide package anchors for all Rd \link{} targets not in the
package itself and the base packages.
Flavors: r-devel-linux-x86_64-debian-clang, r-devel-linux-x86_64-debian-gcc, r-devel-windows-x86_64
Version: 3.0.1
Check: installed package size
Result: NOTE
installed size is 12.1Mb
sub-directories of 1Mb or more:
libs 11.1Mb
Flavors: r-release-macos-arm64, r-release-macos-x86_64, r-oldrel-macos-arm64, r-oldrel-macos-x86_64
These binaries (installable software) and packages are in development.
They may not be fully stable and should be used with caution. We make no claims about them.