Last updated on 2025-05-22 03:50:51 CEST.
Flavor | Version | Tinstall | Tcheck | Ttotal | Status | Flags |
---|---|---|---|---|---|---|
r-devel-linux-x86_64-debian-clang | 0.3.0 | 1.83 | 20.93 | 22.76 | NOTE | |
r-devel-linux-x86_64-debian-gcc | 0.3.0 | 1.48 | 17.24 | 18.72 | NOTE | |
r-devel-linux-x86_64-fedora-clang | 0.3.0 | 35.12 | OK | |||
r-devel-linux-x86_64-fedora-gcc | 0.3.0 | 34.63 | OK | |||
r-devel-windows-x86_64 | 0.3.0 | 4.00 | 64.00 | 68.00 | OK | |
r-patched-linux-x86_64 | 0.3.0 | 1.96 | 19.92 | 21.88 | OK | |
r-release-linux-x86_64 | 0.3.0 | 1.40 | 20.15 | 21.55 | OK | |
r-release-macos-arm64 | 0.3.0 | 19.00 | OK | |||
r-release-macos-x86_64 | 0.3.0 | 28.00 | OK | |||
r-release-windows-x86_64 | 0.3.0 | 3.00 | 83.00 | 86.00 | OK | |
r-oldrel-macos-arm64 | 0.3.0 | 17.00 | OK | |||
r-oldrel-macos-x86_64 | 0.3.0 | 24.00 | OK | |||
r-oldrel-windows-x86_64 | 0.3.0 | 4.00 | 49.00 | 53.00 | OK |
Version: 0.3.0
Check: CRAN incoming feasibility
Result: NOTE
Maintainer: ‘Carlos Mercado <carlos.mercado@flipsidecrypto.com>’
No Authors@R field in DESCRIPTION.
Please add one, modifying
Authors@R: person(given = "Carlos",
family = "Mercado",
role = c("aut", "cre"),
email = "carlos.mercado@flipsidecrypto.com")
as necessary.
Flavors: r-devel-linux-x86_64-debian-clang, r-devel-linux-x86_64-debian-gcc
These binaries (installable software) and packages are in development.
They may not be fully stable and should be used with caution. We make no claims about them.