Last updated on 2025-05-08 04:52:19 CEST.
Flavor | Version | Tinstall | Tcheck | Ttotal | Status | Flags |
---|---|---|---|---|---|---|
r-devel-linux-x86_64-debian-clang | 0.2.4 | 3.06 | 90.13 | 93.19 | OK | |
r-devel-linux-x86_64-debian-gcc | 0.2.4 | 2.17 | 63.67 | 65.84 | OK | |
r-devel-linux-x86_64-fedora-clang | 0.2.4 | 151.46 | NOTE | |||
r-devel-linux-x86_64-fedora-gcc | 0.2.4 | 153.04 | NOTE | |||
r-devel-windows-x86_64 | 0.2.4 | 5.00 | 103.00 | 108.00 | OK | |
r-patched-linux-x86_64 | 0.2.4 | 2.49 | 87.32 | 89.81 | OK | |
r-release-linux-x86_64 | 0.2.4 | 2.72 | 84.76 | 87.48 | OK | |
r-release-macos-arm64 | 0.2.4 | 48.00 | OK | |||
r-release-macos-x86_64 | 0.2.4 | 94.00 | OK | |||
r-release-windows-x86_64 | 0.2.4 | 5.00 | 101.00 | 106.00 | OK | |
r-oldrel-macos-arm64 | 0.2.4 | 49.00 | OK | |||
r-oldrel-macos-x86_64 | 0.2.4 | 72.00 | OK | |||
r-oldrel-windows-x86_64 | 0.2.4 | 6.00 | 124.00 | 130.00 | OK |
Version: 0.2.4
Check: dependencies in R code
Result: NOTE
Namespace in Imports field not imported from: ‘dplyr’
All declared Imports should be used.
Flavors: r-devel-linux-x86_64-fedora-clang, r-devel-linux-x86_64-fedora-gcc
These binaries (installable software) and packages are in development.
They may not be fully stable and should be used with caution. We make no claims about them.