Last updated on 2025-10-23 15:50:12 CEST.
Flavor | Version | Tinstall | Tcheck | Ttotal | Status | Flags |
---|---|---|---|---|---|---|
r-devel-linux-x86_64-debian-clang | 0.2.4 | 2.66 | 98.98 | 101.64 | OK | |
r-devel-linux-x86_64-debian-gcc | 0.2.4 | 1.88 | 67.02 | 68.90 | OK | |
r-devel-linux-x86_64-fedora-clang | 0.2.4 | 158.87 | NOTE | |||
r-devel-linux-x86_64-fedora-gcc | 0.2.4 | 167.68 | NOTE | |||
r-devel-windows-x86_64 | 0.2.4 | 6.00 | 183.00 | 189.00 | OK | |
r-patched-linux-x86_64 | 0.2.4 | 2.94 | 94.80 | 97.74 | OK | |
r-release-linux-x86_64 | 0.2.4 | 2.91 | 93.72 | 96.63 | OK | |
r-release-macos-arm64 | 0.2.4 | 1.00 | 47.00 | 48.00 | OK | |
r-release-macos-x86_64 | 0.2.4 | 2.00 | 92.00 | 94.00 | OK | |
r-release-windows-x86_64 | 0.2.4 | 6.00 | 111.00 | 117.00 | OK | |
r-oldrel-macos-arm64 | 0.2.4 | 1.00 | 48.00 | 49.00 | OK | |
r-oldrel-macos-x86_64 | 0.2.4 | 2.00 | 70.00 | 72.00 | OK | |
r-oldrel-windows-x86_64 | 0.2.4 | 7.00 | 137.00 | 144.00 | OK |
Version: 0.2.4
Check: dependencies in R code
Result: NOTE
Namespace in Imports field not imported from: ‘dplyr’
All declared Imports should be used.
Flavors: r-devel-linux-x86_64-fedora-clang, r-devel-linux-x86_64-fedora-gcc
These binaries (installable software) and packages are in development.
They may not be fully stable and should be used with caution. We make no claims about them.