Last updated on 2024-07-27 15:50:34 CEST.
Flavor | Version | Tinstall | Tcheck | Ttotal | Status | Flags |
---|---|---|---|---|---|---|
r-devel-linux-x86_64-debian-clang | 0.2.4 | 4.18 | 115.40 | 119.58 | OK | |
r-devel-linux-x86_64-debian-gcc | 0.2.4 | OK | ||||
r-devel-linux-x86_64-fedora-clang | 0.2.4 | 146.75 | NOTE | |||
r-devel-linux-x86_64-fedora-gcc | 0.2.4 | 150.36 | NOTE | |||
r-devel-windows-x86_64 | 0.2.4 | 5.00 | 101.00 | 106.00 | OK | |
r-patched-linux-x86_64 | 0.2.4 | OK | ||||
r-release-linux-x86_64 | 0.2.4 | 2.99 | 108.55 | 111.54 | OK | |
r-release-macos-arm64 | 0.2.4 | 49.00 | OK | |||
r-release-macos-x86_64 | 0.2.4 | 72.00 | OK | |||
r-release-windows-x86_64 | 0.2.4 | 4.00 | 102.00 | 106.00 | OK | |
r-oldrel-macos-arm64 | 0.2.4 | 51.00 | OK | |||
r-oldrel-macos-x86_64 | 0.2.4 | 77.00 | OK | |||
r-oldrel-windows-x86_64 | 0.2.4 | 6.00 | 117.00 | 123.00 | OK |
Version: 0.2.4
Check: dependencies in R code
Result: NOTE
Namespace in Imports field not imported from: ‘dplyr’
All declared Imports should be used.
Flavors: r-devel-linux-x86_64-fedora-clang, r-devel-linux-x86_64-fedora-gcc
These binaries (installable software) and packages are in development.
They may not be fully stable and should be used with caution. We make no claims about them.