CRAN Package Check Results for Package sift

Last updated on 2025-05-08 04:52:19 CEST.

Flavor Version Tinstall Tcheck Ttotal Status Flags
r-devel-linux-x86_64-debian-clang 0.1.0 8.45 53.78 62.23 NOTE
r-devel-linux-x86_64-debian-gcc 0.1.0 5.20 39.42 44.62 NOTE
r-devel-linux-x86_64-fedora-clang 0.1.0 100.37 NOTE
r-devel-linux-x86_64-fedora-gcc 0.1.0 104.49 NOTE
r-devel-windows-x86_64 0.1.0 12.00 72.00 84.00 NOTE
r-patched-linux-x86_64 0.1.0 7.66 49.19 56.85 NOTE
r-release-linux-x86_64 0.1.0 7.58 49.23 56.81 NOTE
r-release-macos-arm64 0.1.0 38.00 NOTE
r-release-macos-x86_64 0.1.0 73.00 NOTE
r-release-windows-x86_64 0.1.0 13.00 73.00 86.00 NOTE
r-oldrel-macos-arm64 0.1.0 38.00 NOTE
r-oldrel-macos-x86_64 0.1.0 58.00 NOTE
r-oldrel-windows-x86_64 0.1.0 16.00 86.00 102.00 NOTE

Check Details

Version: 0.1.0
Check: C++ specification
Result: NOTE Specified C++11: please drop specification unless essential Flavors: r-devel-linux-x86_64-debian-clang, r-devel-linux-x86_64-debian-gcc, r-devel-linux-x86_64-fedora-clang, r-devel-linux-x86_64-fedora-gcc, r-devel-windows-x86_64, r-patched-linux-x86_64, r-release-linux-x86_64, r-release-macos-arm64, r-release-macos-x86_64, r-release-windows-x86_64, r-oldrel-macos-arm64, r-oldrel-macos-x86_64, r-oldrel-windows-x86_64

These binaries (installable software) and packages are in development.
They may not be fully stable and should be used with caution. We make no claims about them.