Last updated on 2025-10-31 03:50:19 CET.
| Flavor | Version | Tinstall | Tcheck | Ttotal | Status | Flags | 
|---|---|---|---|---|---|---|
| r-devel-linux-x86_64-debian-clang | 0.0-6 | 1.95 | 22.30 | 24.25 | NOTE | |
| r-devel-linux-x86_64-debian-gcc | 0.0-6 | 1.59 | 17.48 | 19.07 | NOTE | |
| r-devel-linux-x86_64-fedora-clang | 0.0-6 | 35.13 | NOTE | |||
| r-devel-linux-x86_64-fedora-gcc | 0.0-6 | 33.96 | NOTE | |||
| r-devel-windows-x86_64 | 0.0-6 | 3.00 | 116.00 | 119.00 | NOTE | |
| r-patched-linux-x86_64 | 0.0-6 | 2.35 | 20.74 | 23.09 | NOTE | |
| r-release-linux-x86_64 | 0.0-6 | 1.98 | 20.88 | 22.86 | NOTE | |
| r-release-macos-arm64 | 0.0-6 | 1.00 | 14.00 | 15.00 | NOTE | |
| r-release-macos-x86_64 | 0.0-6 | 2.00 | 22.00 | 24.00 | NOTE | |
| r-release-windows-x86_64 | 0.0-6 | 5.00 | 46.00 | 51.00 | NOTE | |
| r-oldrel-macos-arm64 | 0.0-6 | 1.00 | 14.00 | 15.00 | NOTE | |
| r-oldrel-macos-x86_64 | 0.0-6 | 2.00 | 23.00 | 25.00 | NOTE | |
| r-oldrel-windows-x86_64 | 0.0-6 | 3.00 | 42.00 | 45.00 | NOTE | 
Version: 0.0-6
Check: Rd files
Result: NOTE
  checkRd: (-1) sig.Rd:35: Lost braces in \itemize; \value handles \item{}{} directly
  checkRd: (-1) sig.Rd:36: Lost braces in \itemize; \value handles \item{}{} directly
  checkRd: (-1) sig_report.Rd:41: Lost braces in \itemize; \value handles \item{}{} directly
  checkRd: (-1) sig_report.Rd:42: Lost braces in \itemize; \value handles \item{}{} directly
  checkRd: (-1) sig_report.Rd:43: Lost braces in \itemize; \value handles \item{}{} directly
  checkRd: (-1) sig_report.Rd:44: Lost braces in \itemize; \value handles \item{}{} directly
  checkRd: (-1) sig_report.Rd:45-46: Lost braces in \itemize; \value handles \item{}{} directly
  checkRd: (-1) sig_report.Rd:47: Lost braces in \itemize; \value handles \item{}{} directly
  checkRd: (-1) sig_report.Rd:48: Lost braces in \itemize; \value handles \item{}{} directly
  checkRd: (-1) sig_report.Rd:49-50: Lost braces in \itemize; \value handles \item{}{} directly
Flavors: r-devel-linux-x86_64-debian-clang, r-devel-linux-x86_64-debian-gcc, r-devel-linux-x86_64-fedora-clang, r-devel-linux-x86_64-fedora-gcc, r-devel-windows-x86_64, r-patched-linux-x86_64, r-release-linux-x86_64, r-release-macos-arm64, r-release-macos-x86_64, r-release-windows-x86_64, r-oldrel-macos-arm64, r-oldrel-macos-x86_64, r-oldrel-windows-x86_64
These binaries (installable software) and packages are in development.
They may not be fully stable and should be used with caution. We make no claims about them.