CRAN Package Check Results for Package sig

Last updated on 2025-02-16 08:51:00 CET.

Flavor Version Tinstall Tcheck Ttotal Status Flags
r-devel-linux-x86_64-debian-clang 0.0-6 2.06 19.44 21.50 NOTE
r-devel-linux-x86_64-debian-gcc 0.0-6 1.38 15.58 16.96 NOTE
r-devel-linux-x86_64-fedora-clang 0.0-6 35.13 NOTE
r-devel-linux-x86_64-fedora-gcc 0.0-6 33.36 NOTE
r-devel-macos-arm64 0.0-6 15.00 NOTE
r-devel-macos-x86_64 0.0-6 25.00 NOTE
r-devel-windows-x86_64 0.0-6 3.00 42.00 45.00 NOTE
r-patched-linux-x86_64 0.0-6 2.24 18.72 20.96 NOTE
r-release-linux-x86_64 0.0-6 2.01 19.01 21.02 NOTE
r-release-macos-arm64 0.0-6 15.00 NOTE
r-release-macos-x86_64 0.0-6 25.00 NOTE
r-release-windows-x86_64 0.0-6 3.00 42.00 45.00 NOTE
r-oldrel-macos-arm64 0.0-6 16.00 OK
r-oldrel-macos-x86_64 0.0-6 21.00 OK
r-oldrel-windows-x86_64 0.0-6 3.00 43.00 46.00 OK

Check Details

Version: 0.0-6
Check: Rd files
Result: NOTE checkRd: (-1) sig.Rd:35: Lost braces in \itemize; \value handles \item{}{} directly checkRd: (-1) sig.Rd:36: Lost braces in \itemize; \value handles \item{}{} directly checkRd: (-1) sig_report.Rd:41: Lost braces in \itemize; \value handles \item{}{} directly checkRd: (-1) sig_report.Rd:42: Lost braces in \itemize; \value handles \item{}{} directly checkRd: (-1) sig_report.Rd:43: Lost braces in \itemize; \value handles \item{}{} directly checkRd: (-1) sig_report.Rd:44: Lost braces in \itemize; \value handles \item{}{} directly checkRd: (-1) sig_report.Rd:45-46: Lost braces in \itemize; \value handles \item{}{} directly checkRd: (-1) sig_report.Rd:47: Lost braces in \itemize; \value handles \item{}{} directly checkRd: (-1) sig_report.Rd:48: Lost braces in \itemize; \value handles \item{}{} directly checkRd: (-1) sig_report.Rd:49-50: Lost braces in \itemize; \value handles \item{}{} directly Flavors: r-devel-linux-x86_64-debian-clang, r-devel-linux-x86_64-debian-gcc, r-devel-linux-x86_64-fedora-clang, r-devel-linux-x86_64-fedora-gcc, r-devel-macos-arm64, r-devel-macos-x86_64, r-devel-windows-x86_64, r-patched-linux-x86_64, r-release-linux-x86_64, r-release-macos-arm64, r-release-macos-x86_64, r-release-windows-x86_64

These binaries (installable software) and packages are in development.
They may not be fully stable and should be used with caution. We make no claims about them.