Last updated on 2025-05-01 08:52:46 CEST.
Flavor | Version | Tinstall | Tcheck | Ttotal | Status | Flags |
---|---|---|---|---|---|---|
r-devel-linux-x86_64-debian-clang | 0.1.24 | 5.91 | 52.81 | 58.72 | OK | |
r-devel-linux-x86_64-debian-gcc | 0.1.24 | 2.70 | 39.55 | 42.25 | OK | |
r-devel-linux-x86_64-fedora-clang | 0.1.24 | 100.74 | NOTE | |||
r-devel-linux-x86_64-fedora-gcc | 0.1.24 | 99.04 | NOTE | |||
r-devel-windows-x86_64 | 0.1.24 | 10.00 | 69.00 | 79.00 | OK | |
r-patched-linux-x86_64 | 0.1.24 | 5.58 | 48.72 | 54.30 | OK | |
r-release-linux-x86_64 | OK | |||||
r-release-macos-arm64 | 0.1.24 | 39.00 | OK | |||
r-release-macos-x86_64 | 0.1.24 | 71.00 | OK | |||
r-release-windows-x86_64 | 0.1.24 | 10.00 | 73.00 | 83.00 | OK | |
r-oldrel-macos-arm64 | 0.1.24 | 43.00 | OK | |||
r-oldrel-macos-x86_64 | 0.1.24 | 89.00 | OK | |||
r-oldrel-windows-x86_64 | 0.1.24 | 11.00 | 78.00 | 89.00 | OK |
Version: 0.1.24
Check: dependencies in R code
Result: NOTE
Namespaces in Imports field not imported from:
‘KernSmooth’ ‘MASS’ ‘class’ ‘cluster’ ‘lattice’ ‘nnet’
All declared Imports should be used.
Flavors: r-devel-linux-x86_64-fedora-clang, r-devel-linux-x86_64-fedora-gcc
These binaries (installable software) and packages are in development.
They may not be fully stable and should be used with caution. We make no claims about them.