Last updated on 2025-11-14 09:50:15 CET.
| Flavor | Version | Tinstall | Tcheck | Ttotal | Status | Flags |
|---|---|---|---|---|---|---|
| r-devel-linux-x86_64-debian-clang | 1.8-1 | 6.34 | 43.35 | 49.69 | OK | |
| r-devel-linux-x86_64-debian-gcc | 1.8-1 | 4.22 | 31.07 | 35.29 | OK | |
| r-devel-linux-x86_64-fedora-clang | 1.8-1 | 12.00 | 59.62 | 71.62 | NOTE | |
| r-devel-linux-x86_64-fedora-gcc | 1.8-1 | 29.00 | 43.03 | 72.03 | NOTE | |
| r-devel-windows-x86_64 | 1.8-1 | 13.00 | 75.00 | 88.00 | OK | |
| r-patched-linux-x86_64 | 1.8-1 | 6.21 | 40.49 | 46.70 | OK | |
| r-release-linux-x86_64 | 1.8-1 | 6.07 | 40.33 | 46.40 | OK | |
| r-release-macos-arm64 | 1.8-1 | 5.00 | 27.00 | 32.00 | OK | |
| r-release-macos-x86_64 | 1.8-1 | 7.00 | 42.00 | 49.00 | OK | |
| r-release-windows-x86_64 | 1.8-1 | 12.00 | 76.00 | 88.00 | OK | |
| r-oldrel-macos-arm64 | 1.8-1 | 4.00 | 28.00 | 32.00 | OK | |
| r-oldrel-macos-x86_64 | 1.8-1 | 22.00 | 74.00 | 96.00 | OK | |
| r-oldrel-windows-x86_64 | 1.8-1 | 10.00 | 85.00 | 95.00 | OK |
Version: 1.8-1
Check: compiled code
Result: NOTE
File ‘signal/libs/signal.so’:
Found no calls to: ‘R_registerRoutines’, ‘R_useDynamicSymbols’
It is good practice to register native routines and to disable symbol
search.
See ‘Writing portable packages’ in the ‘Writing R Extensions’ manual.
Flavors: r-devel-linux-x86_64-fedora-clang, r-devel-linux-x86_64-fedora-gcc
These binaries (installable software) and packages are in development.
They may not be fully stable and should be used with caution. We make no claims about them.