Last updated on 2025-11-13 03:51:18 CET.
| Flavor | Version | Tinstall | Tcheck | Ttotal | Status | Flags |
|---|---|---|---|---|---|---|
| r-devel-linux-x86_64-debian-clang | 1.5 | 13.70 | 38.39 | 52.09 | NOTE | |
| r-devel-linux-x86_64-debian-gcc | 1.5 | 9.04 | 30.04 | 39.08 | NOTE | |
| r-devel-linux-x86_64-fedora-clang | 1.5 | 30.00 | 50.71 | 80.71 | NOTE | |
| r-devel-linux-x86_64-fedora-gcc | 1.5 | 65.00 | 14.29 | 79.29 | NOTE | |
| r-devel-windows-x86_64 | 1.5 | 20.00 | 68.00 | 88.00 | NOTE | |
| r-patched-linux-x86_64 | 1.5 | 12.12 | 35.27 | 47.39 | NOTE | |
| r-release-linux-x86_64 | 1.5 | 12.95 | 35.42 | 48.37 | NOTE | |
| r-release-macos-arm64 | 1.5 | 9.00 | 25.00 | 34.00 | NOTE | |
| r-release-macos-x86_64 | 1.5 | 20.00 | 34.00 | 54.00 | NOTE | |
| r-release-windows-x86_64 | 1.5 | 19.00 | 68.00 | 87.00 | NOTE | |
| r-oldrel-macos-arm64 | 1.5 | 7.00 | 19.00 | 26.00 | NOTE | |
| r-oldrel-macos-x86_64 | 1.5 | 9.00 | 30.00 | 39.00 | NOTE | |
| r-oldrel-windows-x86_64 | 1.5 | 22.00 | 79.00 | 101.00 | NOTE |
Version: 1.5
Check: CRAN incoming feasibility
Result: NOTE
Maintainer: ‘Michal Burdukiewicz <michalburdukiewicz@gmail.com>’
Package CITATION file contains call(s) to old-style citEntry(). Please
use bibentry() instead.
Flavors: r-devel-linux-x86_64-debian-clang, r-devel-linux-x86_64-debian-gcc
Version: 1.5
Check: Rd files
Result: NOTE
checkRd: (-1) add_k_mer_state.Rd:33: Lost braces in \itemize; \value handles \item{}{} directly
checkRd: (-1) add_k_mer_state.Rd:34: Lost braces in \itemize; \value handles \item{}{} directly
checkRd: (-1) add_k_mer_state.Rd:35: Lost braces in \itemize; \value handles \item{}{} directly
checkRd: (-1) add_k_mer_state.Rd:36: Lost braces in \itemize; \value handles \item{}{} directly
checkRd: (-1) duration_viterbi.Rd:23: Lost braces in \itemize; \value handles \item{}{} directly
checkRd: (-1) duration_viterbi.Rd:24: Lost braces in \itemize; \value handles \item{}{} directly
checkRd: (-1) duration_viterbi.Rd:25: Lost braces in \itemize; \value handles \item{}{} directly
checkRd: (-1) duration_viterbi.Rd:26: Lost braces in \itemize; \value handles \item{}{} directly
Flavors: r-devel-linux-x86_64-debian-clang, r-devel-linux-x86_64-debian-gcc, r-devel-linux-x86_64-fedora-clang, r-devel-linux-x86_64-fedora-gcc, r-devel-windows-x86_64, r-patched-linux-x86_64, r-release-linux-x86_64, r-release-macos-arm64, r-release-macos-x86_64, r-release-windows-x86_64, r-oldrel-macos-arm64, r-oldrel-macos-x86_64, r-oldrel-windows-x86_64
These binaries (installable software) and packages are in development.
They may not be fully stable and should be used with caution. We make no claims about them.