CRAN Package Check Results for Package signnet

Last updated on 2025-07-02 01:51:51 CEST.

Flavor Version Tinstall Tcheck Ttotal Status Flags
r-devel-linux-x86_64-debian-clang 1.0.5 58.54 120.48 179.02 OK
r-devel-linux-x86_64-debian-gcc 1.0.5 42.50 84.46 126.96 OK
r-devel-linux-x86_64-fedora-clang 1.0.5 315.96 OK
r-devel-linux-x86_64-fedora-gcc 1.0.5 298.07 OK
r-devel-windows-x86_64 1.0.5 66.00 149.00 215.00 OK
r-patched-linux-x86_64 OK
r-release-linux-x86_64 1.0.5 55.54 112.71 168.25 OK
r-release-macos-arm64 1.0.5 100.00 OK
r-release-macos-x86_64 1.0.5 144.00 OK
r-release-windows-x86_64 1.0.5 67.00 151.00 218.00 OK
r-oldrel-macos-arm64 1.0.5 90.00 NOTE
r-oldrel-macos-x86_64 1.0.5 194.00 OK
r-oldrel-windows-x86_64 1.0.5 82.00 182.00 264.00 OK

Check Details

Version: 1.0.5
Check: installed package size
Result: NOTE installed size is 5.0Mb sub-directories of 1Mb or more: libs 3.4Mb Flavor: r-oldrel-macos-arm64

These binaries (installable software) and packages are in development.
They may not be fully stable and should be used with caution. We make no claims about them.