Last updated on 2025-05-08 04:52:19 CEST.
Flavor | Version | Tinstall | Tcheck | Ttotal | Status | Flags |
---|---|---|---|---|---|---|
r-devel-linux-x86_64-debian-clang | 1.0.5 | 58.18 | 119.09 | 177.27 | OK | |
r-devel-linux-x86_64-debian-gcc | 1.0.5 | 40.62 | 85.61 | 126.23 | OK | |
r-devel-linux-x86_64-fedora-clang | 1.0.5 | 314.06 | OK | |||
r-devel-linux-x86_64-fedora-gcc | 1.0.5 | 316.69 | OK | |||
r-devel-windows-x86_64 | 1.0.5 | 66.00 | 151.00 | 217.00 | OK | |
r-patched-linux-x86_64 | 1.0.5 | 57.06 | 113.19 | 170.25 | OK | |
r-release-linux-x86_64 | 1.0.5 | 59.95 | 113.37 | 173.32 | OK | |
r-release-macos-arm64 | 1.0.5 | 100.00 | OK | |||
r-release-macos-x86_64 | 1.0.5 | 144.00 | OK | |||
r-release-windows-x86_64 | 1.0.5 | 68.00 | 152.00 | 220.00 | OK | |
r-oldrel-macos-arm64 | 1.0.5 | 90.00 | NOTE | |||
r-oldrel-macos-x86_64 | 1.0.5 | 194.00 | OK | |||
r-oldrel-windows-x86_64 | 1.0.5 | 80.00 | 190.00 | 270.00 | OK |
Version: 1.0.5
Check: installed package size
Result: NOTE
installed size is 5.0Mb
sub-directories of 1Mb or more:
libs 3.4Mb
Flavor: r-oldrel-macos-arm64
These binaries (installable software) and packages are in development.
They may not be fully stable and should be used with caution. We make no claims about them.