Last updated on 2025-02-16 08:51:00 CET.
Flavor | Version | Tinstall | Tcheck | Ttotal | Status | Flags |
---|---|---|---|---|---|---|
r-devel-linux-x86_64-debian-clang | 3.1.1 | 2.46 | 44.35 | 46.81 | NOTE | |
r-devel-linux-x86_64-debian-gcc | 3.1.1 | 1.79 | 32.08 | 33.87 | NOTE | |
r-devel-linux-x86_64-fedora-clang | 3.1.1 | 76.03 | NOTE | |||
r-devel-linux-x86_64-fedora-gcc | 3.1.1 | 115.28 | NOTE | |||
r-devel-macos-arm64 | 3.1.1 | 38.00 | NOTE | |||
r-devel-macos-x86_64 | 3.1.1 | 74.00 | NOTE | |||
r-devel-windows-x86_64 | 3.1.1 | 3.00 | 72.00 | 75.00 | NOTE | |
r-patched-linux-x86_64 | 3.1.1 | 2.33 | 42.83 | 45.16 | NOTE | |
r-release-linux-x86_64 | 3.1.1 | 2.38 | 42.51 | 44.89 | NOTE | |
r-release-macos-arm64 | 3.1.1 | 37.00 | NOTE | |||
r-release-macos-x86_64 | 3.1.1 | 68.00 | NOTE | |||
r-release-windows-x86_64 | 3.1.1 | 3.00 | 74.00 | 77.00 | NOTE | |
r-oldrel-macos-arm64 | 3.1.1 | 42.00 | NOTE | |||
r-oldrel-macos-x86_64 | 3.1.1 | 66.00 | NOTE | |||
r-oldrel-windows-x86_64 | 3.1.1 | 4.00 | 70.00 | 74.00 | NOTE |
Version: 3.1.1
Check: package subdirectories
Result: NOTE
Problems with news in ‘NEWS.md’:
No news entries found.
Flavors: r-devel-linux-x86_64-debian-clang, r-devel-linux-x86_64-debian-gcc, r-devel-linux-x86_64-fedora-clang, r-devel-linux-x86_64-fedora-gcc, r-devel-macos-arm64, r-devel-macos-x86_64, r-devel-windows-x86_64, r-patched-linux-x86_64, r-release-linux-x86_64, r-release-macos-arm64, r-release-macos-x86_64, r-release-windows-x86_64, r-oldrel-macos-arm64, r-oldrel-macos-x86_64, r-oldrel-windows-x86_64
These binaries (installable software) and packages are in development.
They may not be fully stable and should be used with caution. We make no claims about them.