Last updated on 2025-02-16 12:53:52 CET.
Flavor | Version | Tinstall | Tcheck | Ttotal | Status | Flags |
---|---|---|---|---|---|---|
r-devel-linux-x86_64-debian-clang | 0.4.0 | 2.11 | 40.92 | 43.03 | NOTE | |
r-devel-linux-x86_64-debian-gcc | 0.4.0 | 1.57 | 32.81 | 34.38 | NOTE | |
r-devel-linux-x86_64-fedora-clang | 0.4.0 | 61.65 | NOTE | |||
r-devel-linux-x86_64-fedora-gcc | 0.4.0 | 72.23 | NOTE | |||
r-devel-macos-arm64 | 0.4.0 | 26.00 | OK | |||
r-devel-macos-x86_64 | 0.4.0 | 50.00 | NOTE | |||
r-devel-windows-x86_64 | 0.4.0 | 3.00 | 63.00 | 66.00 | NOTE | |
r-patched-linux-x86_64 | 0.4.0 | 2.02 | 37.23 | 39.25 | OK | |
r-release-linux-x86_64 | 0.4.0 | 1.86 | 36.39 | 38.25 | OK | |
r-release-macos-arm64 | 0.4.0 | 27.00 | OK | |||
r-release-macos-x86_64 | 0.4.0 | 41.00 | OK | |||
r-release-windows-x86_64 | 0.4.0 | 3.00 | 53.00 | 56.00 | OK | |
r-oldrel-macos-arm64 | 0.4.0 | 27.00 | OK | |||
r-oldrel-macos-x86_64 | 0.4.0 | 39.00 | OK | |||
r-oldrel-windows-x86_64 | 0.4.0 | 3.00 | 54.00 | 57.00 | OK |
Version: 0.4.0
Check: DESCRIPTION meta-information
Result: NOTE
Missing dependency on R >= 4.1.0 because package code uses the pipe
|> or function shorthand \(...) syntax added in R 4.1.0.
File(s) using such syntax:
‘p_sie.R’ ‘prp.R’ ‘siie.R’
Flavors: r-devel-linux-x86_64-debian-clang, r-devel-linux-x86_64-debian-gcc, r-devel-linux-x86_64-fedora-clang, r-devel-linux-x86_64-fedora-gcc, r-devel-macos-x86_64, r-devel-windows-x86_64
These binaries (installable software) and packages are in development.
They may not be fully stable and should be used with caution. We make no claims about them.