Last updated on 2025-11-12 18:50:46 CET.
| Flavor | Version | Tinstall | Tcheck | Ttotal | Status | Flags |
|---|---|---|---|---|---|---|
| r-devel-linux-x86_64-debian-clang | 3.0.2 | 34.70 | 397.01 | 431.71 | NOTE | |
| r-devel-linux-x86_64-debian-gcc | 3.0.2 | 25.95 | 256.18 | 282.13 | NOTE | |
| r-devel-linux-x86_64-fedora-clang | 3.0.2 | 89.00 | 611.39 | 700.39 | NOTE | |
| r-devel-linux-x86_64-fedora-gcc | 3.0.2 | 155.00 | 604.57 | 759.57 | NOTE | |
| r-devel-windows-x86_64 | 3.0.2 | 35.00 | 350.00 | 385.00 | NOTE | |
| r-patched-linux-x86_64 | 3.0.2 | 34.90 | 377.99 | 412.89 | NOTE | |
| r-release-linux-x86_64 | 3.0.2 | 33.17 | 371.60 | 404.77 | NOTE | |
| r-release-macos-arm64 | 3.0.2 | 14.00 | 153.00 | 167.00 | NOTE | |
| r-release-macos-x86_64 | 3.0.2 | 27.00 | 298.00 | 325.00 | NOTE | |
| r-release-windows-x86_64 | 3.0.2 | 36.00 | 344.00 | 380.00 | NOTE | |
| r-oldrel-macos-arm64 | 3.0.2 | 14.00 | 147.00 | 161.00 | NOTE | |
| r-oldrel-macos-x86_64 | 3.0.2 | 25.00 | 239.00 | 264.00 | NOTE | |
| r-oldrel-windows-x86_64 | 3.0.2 | 51.00 | 471.00 | 522.00 | NOTE |
Version: 3.0.2
Check: CRAN incoming feasibility
Result: NOTE
Maintainer: ‘Martin Olivier <olivier.martin@inrae.fr>’
No Authors@R field in DESCRIPTION.
Please add one, modifying
Authors@R: c(person(given = "Carpentier",
family = "F.",
role = "aut"),
person(given = "Martin",
family = "O.",
role = "aut"),
person(given = "Martin",
family = "Olivier",
role = "cre",
email = "olivier.martin@inrae.fr"))
as necessary.
Flavors: r-devel-linux-x86_64-debian-clang, r-devel-linux-x86_64-debian-gcc
Version: 3.0.2
Check: Rd files
Result: NOTE
checkRd: (-1) siland.Rd:64: Lost braces; missing escapes or markup?
64 | \item x_{l,i}, local variable l,
| ^
checkRd: (-1) siland.Rd:70: Lost braces; missing escapes or markup?
70 | \item d_{r,i} the distance between the center of pixel r and the observation at site i.
| ^
Flavors: r-devel-linux-x86_64-debian-clang, r-devel-linux-x86_64-debian-gcc, r-devel-linux-x86_64-fedora-clang, r-devel-linux-x86_64-fedora-gcc, r-devel-windows-x86_64, r-patched-linux-x86_64, r-release-linux-x86_64, r-release-macos-arm64, r-release-macos-x86_64, r-release-windows-x86_64, r-oldrel-macos-arm64, r-oldrel-macos-x86_64, r-oldrel-windows-x86_64
These binaries (installable software) and packages are in development.
They may not be fully stable and should be used with caution. We make no claims about them.