Last updated on 2024-07-27 15:50:34 CEST.
Flavor | Version | Tinstall | Tcheck | Ttotal | Status | Flags |
---|---|---|---|---|---|---|
r-devel-linux-x86_64-debian-clang | 3.0.2 | 41.83 | 479.07 | 520.90 | NOTE | |
r-devel-linux-x86_64-debian-gcc | 3.0.2 | NOTE | ||||
r-devel-linux-x86_64-fedora-clang | 3.0.2 | 637.59 | NOTE | |||
r-devel-linux-x86_64-fedora-gcc | 3.0.2 | 620.28 | NOTE | |||
r-devel-windows-x86_64 | 3.0.2 | 33.00 | 325.00 | 358.00 | NOTE | |
r-patched-linux-x86_64 | 3.0.2 | NOTE | ||||
r-release-linux-x86_64 | 3.0.2 | 35.76 | 454.93 | 490.69 | NOTE | |
r-release-macos-arm64 | 3.0.2 | 161.00 | NOTE | |||
r-release-macos-x86_64 | 3.0.2 | 264.00 | NOTE | |||
r-release-windows-x86_64 | 3.0.2 | 32.00 | 332.00 | 364.00 | NOTE | |
r-oldrel-macos-arm64 | 3.0.2 | 170.00 | OK | |||
r-oldrel-macos-x86_64 | 3.0.2 | 296.00 | OK | |||
r-oldrel-windows-x86_64 | 3.0.2 | 46.00 | 442.00 | 488.00 | OK |
Version: 3.0.2
Check: Rd files
Result: NOTE
checkRd: (-1) siland.Rd:64: Lost braces; missing escapes or markup?
64 | \item x_{l,i}, local variable l,
| ^
checkRd: (-1) siland.Rd:70: Lost braces; missing escapes or markup?
70 | \item d_{r,i} the distance between the center of pixel r and the observation at site i.
| ^
Flavors: r-devel-linux-x86_64-debian-clang, r-devel-linux-x86_64-debian-gcc, r-devel-linux-x86_64-fedora-clang, r-devel-linux-x86_64-fedora-gcc, r-devel-windows-x86_64, r-patched-linux-x86_64, r-release-linux-x86_64, r-release-macos-arm64, r-release-macos-x86_64, r-release-windows-x86_64
These binaries (installable software) and packages are in development.
They may not be fully stable and should be used with caution. We make no claims about them.