CRAN Package Check Results for Package silp

Last updated on 2025-02-16 08:51:00 CET.

Flavor Version Tinstall Tcheck Ttotal Status Flags
r-devel-linux-x86_64-debian-clang 1.0.0 4.05 37.97 42.02 NOTE
r-devel-linux-x86_64-debian-gcc 1.0.0 2.93 28.11 31.04 NOTE
r-devel-linux-x86_64-fedora-clang 1.0.0 66.39 NOTE
r-devel-linux-x86_64-fedora-gcc 1.0.0 64.52 NOTE
r-devel-macos-arm64 1.0.0 24.00 OK
r-devel-macos-x86_64 1.0.0 43.00 NOTE
r-devel-windows-x86_64 1.0.0 5.00 63.00 68.00 NOTE
r-patched-linux-x86_64 1.0.0 4.00 35.57 39.57 OK
r-release-linux-x86_64 1.0.0 4.21 35.39 39.60 OK
r-release-macos-arm64 1.0.0 26.00 OK
r-release-macos-x86_64 1.0.0 65.00 OK
r-release-windows-x86_64 1.0.0 6.00 57.00 63.00 OK
r-oldrel-macos-arm64 1.0.0 34.00 OK
r-oldrel-macos-x86_64 1.0.0 42.00 OK
r-oldrel-windows-x86_64 1.0.0 7.00 57.00 64.00 OK

Check Details

Version: 1.0.0
Check: DESCRIPTION meta-information
Result: NOTE Missing dependency on R >= 4.1.0 because package code uses the pipe |> or function shorthand \(...) syntax added in R 4.1.0. File(s) using such syntax: ‘resilp.R’ Flavors: r-devel-linux-x86_64-debian-clang, r-devel-linux-x86_64-debian-gcc, r-devel-linux-x86_64-fedora-clang, r-devel-linux-x86_64-fedora-gcc, r-devel-macos-x86_64, r-devel-windows-x86_64

These binaries (installable software) and packages are in development.
They may not be fully stable and should be used with caution. We make no claims about them.