Last updated on 2025-10-23 17:51:03 CEST.
Flavor | Version | Tinstall | Tcheck | Ttotal | Status | Flags |
---|---|---|---|---|---|---|
r-devel-linux-x86_64-debian-clang | 0.1.0 | 5.62 | 122.91 | 128.53 | OK | |
r-devel-linux-x86_64-debian-gcc | 0.1.0 | 3.82 | 84.99 | 88.81 | OK | |
r-devel-linux-x86_64-fedora-clang | 0.1.0 | 12.00 | 185.64 | 197.64 | OK | |
r-devel-linux-x86_64-fedora-gcc | 0.1.0 | 14.00 | 190.06 | 204.06 | OK | |
r-devel-windows-x86_64 | 0.1.0 | 8.00 | 138.00 | 146.00 | OK | |
r-patched-linux-x86_64 | 0.1.0 | 5.60 | 113.14 | 118.74 | OK | |
r-release-linux-x86_64 | 0.1.0 | 5.62 | 114.81 | 120.43 | OK | |
r-release-macos-arm64 | 0.1.0 | 3.00 | 57.00 | 60.00 | OK | |
r-release-macos-x86_64 | 0.1.0 | 5.00 | 114.00 | 119.00 | OK | |
r-release-windows-x86_64 | 0.1.0 | 8.00 | 141.00 | 149.00 | OK | |
r-oldrel-macos-arm64 | 0.1.0 | 2.00 | 60.00 | 62.00 | OK | |
r-oldrel-macos-x86_64 | 0.1.0 | 4.00 | 93.00 | 97.00 | OK | |
r-oldrel-windows-x86_64 | 0.1.0 | 10.00 | 179.00 | 189.00 | ERROR |
Version: 0.1.0
Check: re-building of vignette outputs
Result: ERROR
Error(s) in re-building vignettes:
--- re-building 'sim.BA.Rmd' using rmarkdown
File images/dag.png not found in resource path
Error: processing vignette 'sim.BA.Rmd' failed with diagnostics:
pandoc document conversion failed with error 99
--- failed re-building 'sim.BA.Rmd'
SUMMARY: processing the following file failed:
'sim.BA.Rmd'
Error: Vignette re-building failed.
Execution halted
Flavor: r-oldrel-windows-x86_64
These binaries (installable software) and packages are in development.
They may not be fully stable and should be used with caution. We make no claims about them.