Last updated on 2025-02-02 14:48:34 CET.
Flavor | Version | Tinstall | Tcheck | Ttotal | Status | Flags |
---|---|---|---|---|---|---|
r-devel-linux-x86_64-debian-clang | 1.0.1 | 3.19 | 41.14 | 44.33 | OK | |
r-devel-linux-x86_64-debian-gcc | 1.0.1 | 2.23 | 29.42 | 31.65 | OK | |
r-devel-linux-x86_64-fedora-clang | 1.0.1 | 73.65 | NOTE | |||
r-devel-linux-x86_64-fedora-gcc | 1.0.1 | 89.08 | NOTE | |||
r-devel-windows-x86_64 | 1.0.1 | 6.00 | 63.00 | 69.00 | OK | |
r-patched-linux-x86_64 | 1.0.1 | 3.65 | 38.36 | 42.01 | OK | |
r-release-linux-x86_64 | 1.0.1 | 3.67 | 38.43 | 42.10 | OK | |
r-release-macos-arm64 | 1.0.1 | 31.00 | OK | |||
r-release-macos-x86_64 | 1.0.1 | 46.00 | OK | |||
r-release-windows-x86_64 | 1.0.1 | 6.00 | 64.00 | 70.00 | OK | |
r-oldrel-macos-arm64 | 1.0.1 | 33.00 | OK | |||
r-oldrel-macos-x86_64 | 1.0.1 | 43.00 | OK | |||
r-oldrel-windows-x86_64 | 1.0.1 | 7.00 | 72.00 | 79.00 | OK |
Version: 1.0.1
Check: dependencies in R code
Result: NOTE
Namespaces in Imports field not imported from:
‘pedtools’ ‘readr’
All declared Imports should be used.
Flavors: r-devel-linux-x86_64-fedora-clang, r-devel-linux-x86_64-fedora-gcc
These binaries (installable software) and packages are in development.
They may not be fully stable and should be used with caution. We make no claims about them.