Last updated on 2025-10-03 11:51:01 CEST.
Flavor | Version | Tinstall | Tcheck | Ttotal | Status | Flags |
---|---|---|---|---|---|---|
r-devel-linux-x86_64-debian-clang | 1.0.0 | 8.14 | 64.44 | 72.58 | NOTE | |
r-devel-linux-x86_64-debian-gcc | 1.0.0 | 5.90 | 49.00 | 54.90 | NOTE | |
r-devel-linux-x86_64-fedora-clang | 1.0.0 | 108.53 | OK | |||
r-devel-linux-x86_64-fedora-gcc | 1.0.0 | 103.74 | OK | |||
r-devel-windows-x86_64 | 1.0.0 | 10.00 | 74.00 | 84.00 | OK | |
r-patched-linux-x86_64 | 1.0.0 | 8.65 | 60.76 | 69.41 | OK | |
r-release-linux-x86_64 | 1.0.0 | 7.71 | 61.36 | 69.07 | OK | |
r-release-macos-arm64 | 1.0.0 | 40.00 | OK | |||
r-release-macos-x86_64 | 1.0.0 | 63.00 | OK | |||
r-release-windows-x86_64 | 1.0.0 | 10.00 | 73.00 | 83.00 | OK | |
r-oldrel-macos-arm64 | 1.0.0 | 29.00 | NOTE | |||
r-oldrel-macos-x86_64 | 1.0.0 | 48.00 | NOTE | |||
r-oldrel-windows-x86_64 | 1.0.0 | 11.00 | 90.00 | 101.00 | NOTE |
Version: 1.0.0
Check: CRAN incoming feasibility
Result: NOTE
Maintainer: ‘Waldir Leoncio <waldir.leoncio@gmail.com>’
No Authors@R field in DESCRIPTION.
Please add one, modifying
Authors@R: person(given = "Waldir",
family = "Leoncio",
role = c("aut", "cre"),
email = "waldir.leoncio@gmail.com")
as necessary.
Flavors: r-devel-linux-x86_64-debian-clang, r-devel-linux-x86_64-debian-gcc
Version: 1.0.0
Check: LazyData
Result: NOTE
'LazyData' is specified without a 'data' directory
Flavors: r-oldrel-macos-arm64, r-oldrel-macos-x86_64, r-oldrel-windows-x86_64
These binaries (installable software) and packages are in development.
They may not be fully stable and should be used with caution. We make no claims about them.