Last updated on 2025-07-17 01:50:01 CEST.
Flavor | Version | Tinstall | Tcheck | Ttotal | Status | Flags |
---|---|---|---|---|---|---|
r-devel-linux-x86_64-debian-clang | 0.5.4 | 20.02 | 39.76 | 59.78 | NOTE | |
r-devel-linux-x86_64-debian-gcc | 0.5.4 | 13.70 | 36.26 | 49.96 | NOTE | |
r-devel-linux-x86_64-fedora-clang | 0.5.4 | 142.23 | OK | |||
r-devel-linux-x86_64-fedora-gcc | 0.5.4 | 137.60 | OK | |||
r-devel-windows-x86_64 | 0.5.4 | 21.00 | 117.00 | 138.00 | OK | |
r-patched-linux-x86_64 | 0.5.4 | 20.81 | 38.13 | 58.94 | OK | |
r-release-linux-x86_64 | 0.5.4 | 19.89 | 38.79 | 58.68 | OK | |
r-release-macos-arm64 | 0.5.4 | 40.00 | OK | |||
r-release-macos-x86_64 | 0.5.4 | 83.00 | OK | |||
r-release-windows-x86_64 | 0.5.4 | 22.00 | 116.00 | 138.00 | OK | |
r-oldrel-macos-arm64 | 0.5.4 | 40.00 | OK | |||
r-oldrel-macos-x86_64 | 0.5.4 | 70.00 | OK | |||
r-oldrel-windows-x86_64 | 0.5.4 | 23.00 | 142.00 | 165.00 | OK |
Version: 0.5.4
Check: CRAN incoming feasibility
Result: NOTE
Maintainer: ‘Andreas Alfons <alfons@ese.eur.nl>’
Package CITATION file contains call(s) to old-style personList() or
as.personList(). Please use c() on person objects instead.
Package CITATION file contains call(s) to old-style citEntry(). Please
use bibentry() instead.
Flavors: r-devel-linux-x86_64-debian-clang, r-devel-linux-x86_64-debian-gcc
These binaries (installable software) and packages are in development.
They may not be fully stable and should be used with caution. We make no claims about them.