CRAN Package Check Results for Package simFrame

Last updated on 2025-11-12 18:50:46 CET.

Flavor Version Tinstall Tcheck Ttotal Status Flags
r-devel-linux-x86_64-debian-clang 0.5.4 20.60 41.34 61.94 NOTE
r-devel-linux-x86_64-debian-gcc 0.5.4 13.24 37.43 50.67 NOTE
r-devel-linux-x86_64-fedora-clang 0.5.4 43.00 103.38 146.38 OK
r-devel-linux-x86_64-fedora-gcc 0.5.4 75.00 75.36 150.36 OK
r-devel-windows-x86_64 0.5.4 22.00 115.00 137.00 OK
r-patched-linux-x86_64 0.5.4 22.07 40.62 62.69 OK
r-release-linux-x86_64 0.5.4 19.32 40.29 59.61 OK
r-release-macos-arm64 0.5.4 8.00 32.00 40.00 OK
r-release-macos-x86_64 0.5.4 18.00 65.00 83.00 OK
r-release-windows-x86_64 0.5.4 22.00 121.00 143.00 OK
r-oldrel-macos-arm64 0.5.4 9.00 31.00 40.00 OK
r-oldrel-macos-x86_64 0.5.4 14.00 56.00 70.00 OK
r-oldrel-windows-x86_64 0.5.4 21.00 131.00 152.00 OK

Check Details

Version: 0.5.4
Check: CRAN incoming feasibility
Result: NOTE Maintainer: ‘Andreas Alfons <alfons@ese.eur.nl>’ Package CITATION file contains call(s) to old-style personList() or as.personList(). Please use c() on person objects instead. Package CITATION file contains call(s) to old-style citEntry(). Please use bibentry() instead. Flavors: r-devel-linux-x86_64-debian-clang, r-devel-linux-x86_64-debian-gcc

These binaries (installable software) and packages are in development.
They may not be fully stable and should be used with caution. We make no claims about them.