Last updated on 2025-05-01 08:52:46 CEST.
Flavor | Version | Tinstall | Tcheck | Ttotal | Status | Flags |
---|---|---|---|---|---|---|
r-devel-linux-x86_64-debian-clang | 0.5.4 | 20.29 | 39.36 | 59.65 | NOTE | |
r-devel-linux-x86_64-debian-gcc | 0.5.4 | 13.86 | 36.00 | 49.86 | NOTE | |
r-devel-linux-x86_64-fedora-clang | 0.5.4 | 149.73 | OK | |||
r-devel-linux-x86_64-fedora-gcc | 0.5.4 | 140.33 | OK | |||
r-devel-windows-x86_64 | 0.5.4 | 22.00 | 123.00 | 145.00 | OK | |
r-patched-linux-x86_64 | 0.5.4 | 21.98 | 38.25 | 60.23 | OK | |
r-release-linux-x86_64 | OK | |||||
r-release-macos-arm64 | 0.5.4 | 40.00 | OK | |||
r-release-macos-x86_64 | 0.5.4 | 83.00 | OK | |||
r-release-windows-x86_64 | 0.5.4 | 22.00 | 129.00 | 151.00 | OK | |
r-oldrel-macos-arm64 | 0.5.4 | 40.00 | OK | |||
r-oldrel-macos-x86_64 | 0.5.4 | 70.00 | OK | |||
r-oldrel-windows-x86_64 | 0.5.4 | 24.00 | 138.00 | 162.00 | OK |
Version: 0.5.4
Check: CRAN incoming feasibility
Result: NOTE
Maintainer: ‘Andreas Alfons <alfons@ese.eur.nl>’
Package CITATION file contains call(s) to old-style personList() or
as.personList(). Please use c() on person objects instead.
Package CITATION file contains call(s) to old-style citEntry(). Please
use bibentry() instead.
Flavors: r-devel-linux-x86_64-debian-clang, r-devel-linux-x86_64-debian-gcc
These binaries (installable software) and packages are in development.
They may not be fully stable and should be used with caution. We make no claims about them.