CRAN Package Check Results for Package simMSM

Last updated on 2025-07-26 07:50:34 CEST.

Flavor Version Tinstall Tcheck Ttotal Status Flags
r-devel-linux-x86_64-debian-clang 1.1.42 7.89 61.71 69.60 NOTE
r-devel-linux-x86_64-debian-gcc 1.1.42 6.30 45.61 51.91 NOTE
r-devel-linux-x86_64-fedora-clang 1.1.42 108.52 OK
r-devel-linux-x86_64-fedora-gcc 1.1.42 103.95 OK
r-devel-windows-x86_64 1.1.42 8.00 86.00 94.00 OK
r-patched-linux-x86_64 1.1.42 8.80 59.11 67.91 OK
r-release-linux-x86_64 1.1.42 8.50 59.07 67.57 OK
r-release-macos-arm64 1.1.42 36.00 OK
r-release-macos-x86_64 1.1.42 63.00 OK
r-release-windows-x86_64 1.1.42 9.00 101.00 110.00 OK
r-oldrel-macos-arm64 1.1.42 32.00 OK
r-oldrel-macos-x86_64 1.1.42 49.00 OK
r-oldrel-windows-x86_64 1.1.42 12.00 90.00 102.00 OK

Check Details

Version: 1.1.42
Check: CRAN incoming feasibility
Result: NOTE Maintainer: ‘Holger Reulen <hreulen@uni-goettingen.de>’ No Authors@R field in DESCRIPTION. Please add one, modifying Authors@R: person(given = "Holger", family = "Reulen", role = c("aut", "cre"), email = "hreulen@uni-goettingen.de") as necessary. Flavors: r-devel-linux-x86_64-debian-clang, r-devel-linux-x86_64-debian-gcc

These binaries (installable software) and packages are in development.
They may not be fully stable and should be used with caution. We make no claims about them.