CRAN Package Check Results for Package simMetric

Last updated on 2025-07-23 17:50:59 CEST.

Flavor Version Tinstall Tcheck Ttotal Status Flags
r-devel-linux-x86_64-debian-clang 0.1.1 1.93 24.10 26.03 NOTE
r-devel-linux-x86_64-debian-gcc 0.1.1 1.34 19.22 20.56 NOTE
r-devel-linux-x86_64-fedora-clang 0.1.1 38.29 OK
r-devel-linux-x86_64-fedora-gcc 0.1.1 36.70 OK
r-devel-windows-x86_64 0.1.1 4.00 43.00 47.00 OK
r-patched-linux-x86_64 0.1.1 1.82 21.48 23.30 OK
r-release-linux-x86_64 0.1.1 1.63 21.32 22.95 OK
r-release-macos-arm64 0.1.1 18.00 OK
r-release-macos-x86_64 0.1.1 44.00 OK
r-release-windows-x86_64 0.1.1 4.00 46.00 50.00 OK
r-oldrel-macos-arm64 0.1.1 18.00 OK
r-oldrel-macos-x86_64 0.1.1 25.00 OK
r-oldrel-windows-x86_64 0.1.1 4.00 49.00 53.00 OK

Check Details

Version: 0.1.1
Check: CRAN incoming feasibility
Result: NOTE Maintainer: ‘Rex Parsons <Rex.Parsons94@gmail.com>’ Package CITATION file contains call(s) to old-style citEntry(). Please use bibentry() instead. Flavors: r-devel-linux-x86_64-debian-clang, r-devel-linux-x86_64-debian-gcc

These binaries (installable software) and packages are in development.
They may not be fully stable and should be used with caution. We make no claims about them.