CRAN Package Check Results for Package simMetric

Last updated on 2025-10-03 11:51:01 CEST.

Flavor Version Tinstall Tcheck Ttotal Status Flags
r-devel-linux-x86_64-debian-clang 0.1.1 1.85 25.38 27.23 NOTE
r-devel-linux-x86_64-debian-gcc 0.1.1 1.45 20.38 21.83 NOTE
r-devel-linux-x86_64-fedora-clang 0.1.1 38.83 OK
r-devel-linux-x86_64-fedora-gcc 0.1.1 36.63 OK
r-devel-windows-x86_64 0.1.1 5.00 45.00 50.00 OK
r-patched-linux-x86_64 0.1.1 2.15 23.01 25.16 OK
r-release-linux-x86_64 0.1.1 1.97 22.69 24.66 OK
r-release-macos-arm64 0.1.1 18.00 OK
r-release-macos-x86_64 0.1.1 44.00 OK
r-release-windows-x86_64 0.1.1 4.00 45.00 49.00 OK
r-oldrel-macos-arm64 0.1.1 18.00 OK
r-oldrel-macos-x86_64 0.1.1 25.00 OK
r-oldrel-windows-x86_64 0.1.1 6.00 50.00 56.00 OK

Check Details

Version: 0.1.1
Check: CRAN incoming feasibility
Result: NOTE Maintainer: ‘Rex Parsons <Rex.Parsons94@gmail.com>’ Package CITATION file contains call(s) to old-style citEntry(). Please use bibentry() instead. Flavors: r-devel-linux-x86_64-debian-clang, r-devel-linux-x86_64-debian-gcc

These binaries (installable software) and packages are in development.
They may not be fully stable and should be used with caution. We make no claims about them.