CRAN Package Check Results for Package simPop

Last updated on 2025-07-26 01:51:05 CEST.

Flavor Version Tinstall Tcheck Ttotal Status Flags
r-devel-linux-x86_64-debian-clang 2.1.3 57.69 142.18 199.87 OK
r-devel-linux-x86_64-debian-gcc 2.1.3 39.26 99.85 139.11 OK
r-devel-linux-x86_64-fedora-clang 2.1.3 328.52 OK
r-devel-linux-x86_64-fedora-gcc 2.1.3 311.17 OK
r-devel-windows-x86_64 2.1.3 64.00 175.00 239.00 OK
r-patched-linux-x86_64 2.1.3 55.29 132.25 187.54 OK
r-release-linux-x86_64 2.1.3 54.97 133.38 188.35 OK
r-release-macos-arm64 2.1.3 80.00 OK
r-release-macos-x86_64 2.1.3 155.00 OK
r-release-windows-x86_64 2.1.3 66.00 170.00 236.00 OK
r-oldrel-macos-arm64 2.1.3 81.00 NOTE
r-oldrel-macos-x86_64 2.1.3 119.00 NOTE
r-oldrel-windows-x86_64 2.1.3 81.00 217.00 298.00 OK

Check Details

Version: 2.1.3
Check: installed package size
Result: NOTE installed size is 5.5Mb sub-directories of 1Mb or more: data 2.0Mb libs 2.5Mb Flavors: r-oldrel-macos-arm64, r-oldrel-macos-x86_64

These binaries (installable software) and packages are in development.
They may not be fully stable and should be used with caution. We make no claims about them.