Last updated on 2025-05-24 21:50:57 CEST.
Flavor | Version | Tinstall | Tcheck | Ttotal | Status | Flags |
---|---|---|---|---|---|---|
r-devel-linux-x86_64-debian-clang | 2.1.3 | 56.60 | 139.65 | 196.25 | OK | |
r-devel-linux-x86_64-debian-gcc | 2.1.3 | 39.62 | 97.71 | 137.33 | OK | |
r-devel-linux-x86_64-fedora-clang | 2.1.3 | 349.70 | OK | |||
r-devel-linux-x86_64-fedora-gcc | 2.1.3 | 330.82 | OK | |||
r-devel-windows-x86_64 | 2.1.3 | 66.00 | 175.00 | 241.00 | OK | |
r-patched-linux-x86_64 | 2.1.3 | 57.84 | 132.37 | 190.21 | OK | |
r-release-linux-x86_64 | 2.1.3 | 55.79 | 132.21 | 188.00 | OK | |
r-release-macos-arm64 | 2.1.3 | 80.00 | OK | |||
r-release-macos-x86_64 | 2.1.3 | 155.00 | OK | |||
r-release-windows-x86_64 | 2.1.3 | 66.00 | 174.00 | 240.00 | OK | |
r-oldrel-macos-arm64 | 2.1.3 | 81.00 | NOTE | |||
r-oldrel-macos-x86_64 | 2.1.3 | 119.00 | NOTE | |||
r-oldrel-windows-x86_64 | 2.1.3 | 83.00 | 224.00 | 307.00 | OK |
Version: 2.1.3
Check: installed package size
Result: NOTE
installed size is 5.5Mb
sub-directories of 1Mb or more:
data 2.0Mb
libs 2.5Mb
Flavors: r-oldrel-macos-arm64, r-oldrel-macos-x86_64
These binaries (installable software) and packages are in development.
They may not be fully stable and should be used with caution. We make no claims about them.