Last updated on 2024-07-27 15:50:34 CEST.
Flavor | Version | Tinstall | Tcheck | Ttotal | Status | Flags |
---|---|---|---|---|---|---|
r-devel-linux-x86_64-debian-clang | 2.1.3 | 75.56 | 178.99 | 254.55 | OK | |
r-devel-linux-x86_64-debian-gcc | 2.1.3 | OK | ||||
r-devel-linux-x86_64-fedora-clang | 2.1.3 | 334.96 | OK | |||
r-devel-linux-x86_64-fedora-gcc | 2.1.3 | 344.65 | OK | |||
r-devel-windows-x86_64 | 2.1.3 | 64.00 | 174.00 | 238.00 | OK | |
r-patched-linux-x86_64 | 2.1.3 | OK | ||||
r-release-linux-x86_64 | 2.1.3 | 48.55 | 166.76 | 215.31 | OK | |
r-release-macos-arm64 | 2.1.3 | 81.00 | NOTE | |||
r-release-macos-x86_64 | 2.1.3 | 119.00 | NOTE | |||
r-release-windows-x86_64 | 2.1.3 | 77.00 | 173.00 | 250.00 | OK | |
r-oldrel-macos-arm64 | 2.1.3 | 88.00 | NOTE | |||
r-oldrel-macos-x86_64 | 2.1.3 | 198.00 | NOTE | |||
r-oldrel-windows-x86_64 | 2.1.3 | 79.00 | 225.00 | 304.00 | OK |
Version: 2.1.3
Check: installed package size
Result: NOTE
installed size is 5.5Mb
sub-directories of 1Mb or more:
data 2.0Mb
libs 2.5Mb
Flavors: r-release-macos-arm64, r-release-macos-x86_64, r-oldrel-macos-arm64, r-oldrel-macos-x86_64
These binaries (installable software) and packages are in development.
They may not be fully stable and should be used with caution. We make no claims about them.