Last updated on 2025-11-11 15:50:47 CET.
| Flavor | Version | Tinstall | Tcheck | Ttotal | Status | Flags |
|---|---|---|---|---|---|---|
| r-devel-linux-x86_64-debian-clang | 2.6.1 | 7.35 | 133.91 | 141.26 | NOTE | |
| r-devel-linux-x86_64-debian-gcc | 2.6.1 | 5.83 | 83.51 | 89.34 | NOTE | |
| r-devel-linux-x86_64-fedora-clang | 2.6.1 | 17.00 | 202.78 | 219.78 | OK | |
| r-devel-linux-x86_64-fedora-gcc | 2.6.1 | 34.00 | 219.73 | 253.73 | OK | |
| r-devel-windows-x86_64 | 2.6.1 | 11.00 | 180.00 | 191.00 | OK | |
| r-patched-linux-x86_64 | 2.6.1 | 6.74 | 126.40 | 133.14 | OK | |
| r-release-linux-x86_64 | 2.6.1 | 7.91 | 119.83 | 127.74 | OK | |
| r-release-macos-arm64 | 2.6.1 | 4.00 | 69.00 | 73.00 | OK | |
| r-release-macos-x86_64 | 2.6.1 | 12.00 | 133.00 | 145.00 | OK | |
| r-release-windows-x86_64 | 2.6.1 | 11.00 | 171.00 | 182.00 | OK | |
| r-oldrel-macos-arm64 | 2.6.1 | 5.00 | 73.00 | 78.00 | OK | |
| r-oldrel-macos-x86_64 | 2.6.1 | 11.00 | 172.00 | 183.00 | OK | |
| r-oldrel-windows-x86_64 | 2.6.1 | 11.00 | 177.00 | 188.00 | OK |
Version: 2.6.1
Check: CRAN incoming feasibility
Result: NOTE
Maintainer: ‘Axel Gandy <a.gandy@imperial.ac.uk>’
Package CITATION file contains call(s) to old-style citEntry(). Please
use bibentry() instead.
Flavors: r-devel-linux-x86_64-debian-clang, r-devel-linux-x86_64-debian-gcc
These binaries (installable software) and packages are in development.
They may not be fully stable and should be used with caution. We make no claims about them.