Last updated on 2025-02-16 08:51:00 CET.
Flavor | Version | Tinstall | Tcheck | Ttotal | Status | Flags |
---|---|---|---|---|---|---|
r-devel-linux-x86_64-debian-clang | 0.8-14 | 7.66 | 79.86 | 87.52 | NOTE | |
r-devel-linux-x86_64-debian-gcc | 0.8-14 | 5.52 | 55.37 | 60.89 | NOTE | |
r-devel-linux-x86_64-fedora-clang | 0.8-14 | 141.27 | OK | |||
r-devel-linux-x86_64-fedora-gcc | 0.8-14 | 143.49 | OK | |||
r-devel-macos-arm64 | 0.8-14 | 46.00 | OK | |||
r-devel-macos-x86_64 | 0.8-14 | 98.00 | OK | |||
r-devel-windows-x86_64 | 0.8-14 | 10.00 | 146.00 | 156.00 | NOTE | |
r-patched-linux-x86_64 | 0.8-14 | 8.50 | 74.97 | 83.47 | OK | |
r-release-linux-x86_64 | 0.8-14 | 7.02 | 75.26 | 82.28 | OK | |
r-release-macos-arm64 | 0.8-14 | 47.00 | OK | |||
r-release-macos-x86_64 | 0.8-14 | 81.00 | OK | |||
r-release-windows-x86_64 | 0.8-14 | 11.00 | 147.00 | 158.00 | OK | |
r-oldrel-macos-arm64 | 0.8-14 | 56.00 | OK | |||
r-oldrel-macos-x86_64 | 0.8-14 | 95.00 | OK | |||
r-oldrel-windows-x86_64 | 0.8-14 | 13.00 | 140.00 | 153.00 | OK |
Version: 0.8-14
Check: Rd cross-references
Result: NOTE
Found the following Rd file(s) with Rd \link{} targets missing package
anchors:
plot-methods.Rd: plot.deSolve
Please provide package anchors for all Rd \link{} targets not in the
package itself and the base packages.
Flavors: r-devel-linux-x86_64-debian-clang, r-devel-linux-x86_64-debian-gcc, r-devel-windows-x86_64
These binaries (installable software) and packages are in development.
They may not be fully stable and should be used with caution. We make no claims about them.