Last updated on 2025-02-19 17:51:04 CET.
Flavor | Version | Tinstall | Tcheck | Ttotal | Status | Flags |
---|---|---|---|---|---|---|
r-devel-linux-x86_64-debian-clang | 0.9.0.6 | 76.71 | 85.13 | 161.84 | OK | |
r-devel-linux-x86_64-debian-gcc | 0.9.0.6 | 53.82 | 59.74 | 113.56 | OK | |
r-devel-linux-x86_64-fedora-clang | 0.9.0.6 | 279.52 | OK | |||
r-devel-linux-x86_64-fedora-gcc | 0.9.0.6 | 278.30 | OK | |||
r-devel-macos-arm64 | 0.9.0.6 | 53.00 | OK | |||
r-devel-macos-x86_64 | 0.9.0.6 | 126.00 | OK | |||
r-devel-windows-x86_64 | 0.9.0.6 | 83.00 | 138.00 | 221.00 | OK | |
r-patched-linux-x86_64 | 0.9.0.6 | 70.61 | 80.40 | 151.01 | OK | |
r-release-linux-x86_64 | 0.9.0.6 | 72.09 | 80.83 | 152.92 | OK | |
r-release-macos-arm64 | 0.9.0.6 | 64.00 | NOTE | |||
r-release-macos-x86_64 | 0.9.0.6 | 112.00 | NOTE | |||
r-release-windows-x86_64 | 0.9.0.6 | 84.00 | 134.00 | 218.00 | NOTE | |
r-oldrel-macos-arm64 | 0.9.0.5 | 68.00 | NOTE | |||
r-oldrel-macos-x86_64 | 0.9.0.6 | 104.00 | NOTE | |||
r-oldrel-windows-x86_64 | 0.9.0.6 | 105.00 | 159.00 | 264.00 | NOTE |
Version: 0.9.0.6
Check: installed package size
Result: NOTE
installed size is 18.9Mb
sub-directories of 1Mb or more:
extdata 13.0Mb
libs 5.2Mb
Flavors: r-release-macos-arm64, r-release-macos-x86_64, r-release-windows-x86_64, r-oldrel-macos-x86_64, r-oldrel-windows-x86_64
Version: 0.9.0.5
Check: installed package size
Result: NOTE
installed size is 19.1Mb
sub-directories of 1Mb or more:
extdata 13.0Mb
libs 5.3Mb
Flavor: r-oldrel-macos-arm64
These binaries (installable software) and packages are in development.
They may not be fully stable and should be used with caution. We make no claims about them.