Last updated on 2024-07-27 15:50:34 CEST.
Flavor | Version | Tinstall | Tcheck | Ttotal | Status | Flags |
---|---|---|---|---|---|---|
r-devel-linux-x86_64-debian-clang | 0.9.0.4 | 99.31 | 117.42 | 216.73 | OK | |
r-devel-linux-x86_64-debian-gcc | 0.9.0.4 | OK | ||||
r-devel-linux-x86_64-fedora-clang | 0.9.0.4 | 320.53 | NOTE | |||
r-devel-linux-x86_64-fedora-gcc | 0.9.0.4 | 295.34 | OK | |||
r-devel-windows-x86_64 | 0.9.0.4 | 94.00 | 133.00 | 227.00 | NOTE | |
r-patched-linux-x86_64 | 0.9.0.4 | OK | ||||
r-release-linux-x86_64 | 0.9.0.4 | 91.98 | 113.24 | 205.22 | OK | |
r-release-macos-arm64 | 0.9.0.4 | 67.00 | NOTE | |||
r-release-macos-x86_64 | 0.9.0.4 | 87.00 | NOTE | |||
r-release-windows-x86_64 | 0.9.0.4 | 103.00 | 133.00 | 236.00 | NOTE | |
r-oldrel-macos-arm64 | 0.9.0.4 | 76.00 | NOTE | |||
r-oldrel-macos-x86_64 | 0.9.0.4 | 151.00 | NOTE | |||
r-oldrel-windows-x86_64 | 0.9.0.4 | 110.00 | 165.00 | 275.00 | NOTE |
Version: 0.9.0.4
Check: installed package size
Result: NOTE
installed size is 14.4Mb
sub-directories of 1Mb or more:
extdata 13.0Mb
Flavors: r-devel-linux-x86_64-fedora-clang, r-devel-windows-x86_64, r-release-macos-arm64, r-release-macos-x86_64, r-release-windows-x86_64, r-oldrel-macos-arm64, r-oldrel-macos-x86_64, r-oldrel-windows-x86_64
These binaries (installable software) and packages are in development.
They may not be fully stable and should be used with caution. We make no claims about them.