Last updated on 2025-07-02 01:51:51 CEST.
Flavor | Version | Tinstall | Tcheck | Ttotal | Status | Flags |
---|---|---|---|---|---|---|
r-devel-linux-x86_64-debian-clang | 1.0.0 | 72.25 | 91.35 | 163.60 | OK | |
r-devel-linux-x86_64-debian-gcc | 1.0.0 | 53.51 | 64.23 | 117.74 | OK | |
r-devel-linux-x86_64-fedora-clang | 1.0.0 | 281.04 | OK | |||
r-devel-linux-x86_64-fedora-gcc | 1.0.0 | 264.23 | OK | |||
r-devel-windows-x86_64 | 1.0.0 | 94.00 | 132.00 | 226.00 | OK | |
r-patched-linux-x86_64 | OK | |||||
r-release-linux-x86_64 | 1.0.0 | 70.98 | 82.37 | 153.35 | OK | |
r-release-macos-arm64 | 1.0.0 | 63.00 | OK | |||
r-release-macos-x86_64 | 1.0.0 | 112.00 | OK | |||
r-release-windows-x86_64 | 1.0.0 | 93.00 | 131.00 | 224.00 | OK | |
r-oldrel-macos-arm64 | 1.0.0 | 62.00 | NOTE | |||
r-oldrel-macos-x86_64 | 1.0.0 | 103.00 | NOTE | |||
r-oldrel-windows-x86_64 | 1.0.0 | 109.00 | 166.00 | 275.00 | NOTE |
Version: 1.0.0
Check: installed package size
Result: NOTE
installed size is 18.9Mb
sub-directories of 1Mb or more:
extdata 13.0Mb
libs 5.2Mb
Flavors: r-oldrel-macos-arm64, r-oldrel-macos-x86_64, r-oldrel-windows-x86_64
These binaries (installable software) and packages are in development.
They may not be fully stable and should be used with caution. We make no claims about them.