Last updated on 2025-11-13 03:51:18 CET.
| Flavor | Version | Tinstall | Tcheck | Ttotal | Status | Flags |
|---|---|---|---|---|---|---|
| r-devel-linux-x86_64-debian-clang | 1.0.0 | 74.10 | 92.83 | 166.93 | OK | |
| r-devel-linux-x86_64-debian-gcc | 1.0.0 | 47.10 | 65.25 | 112.35 | OK | |
| r-devel-linux-x86_64-fedora-clang | 1.0.0 | 136.00 | 143.33 | 279.33 | OK | |
| r-devel-linux-x86_64-fedora-gcc | 1.0.0 | 288.00 | -2.29 | 285.71 | OK | |
| r-devel-windows-x86_64 | 1.0.0 | 93.00 | 127.00 | 220.00 | OK | |
| r-patched-linux-x86_64 | 1.0.0 | 79.07 | 85.40 | 164.47 | OK | |
| r-release-linux-x86_64 | 1.0.0 | 68.27 | 85.31 | 153.58 | OK | |
| r-release-macos-arm64 | 1.0.0 | 25.00 | 38.00 | 63.00 | OK | |
| r-release-macos-x86_64 | 1.0.0 | 37.00 | 75.00 | 112.00 | OK | |
| r-release-windows-x86_64 | 1.0.0 | 94.00 | 126.00 | 220.00 | OK | |
| r-oldrel-macos-arm64 | 1.0.0 | 23.00 | 39.00 | 62.00 | NOTE | |
| r-oldrel-macos-x86_64 | 1.0.0 | 36.00 | 67.00 | 103.00 | NOTE | |
| r-oldrel-windows-x86_64 | 1.0.0 | 110.00 | 154.00 | 264.00 | NOTE |
Version: 1.0.0
Check: installed package size
Result: NOTE
installed size is 18.9Mb
sub-directories of 1Mb or more:
extdata 13.0Mb
libs 5.2Mb
Flavors: r-oldrel-macos-arm64, r-oldrel-macos-x86_64, r-oldrel-windows-x86_64
These binaries (installable software) and packages are in development.
They may not be fully stable and should be used with caution. We make no claims about them.