Last updated on 2025-02-19 06:51:02 CET.
Flavor | Version | Tinstall | Tcheck | Ttotal | Status | Flags |
---|---|---|---|---|---|---|
r-devel-linux-x86_64-debian-clang | 0.4 | 9.42 | 71.06 | 80.48 | NOTE | |
r-devel-linux-x86_64-debian-gcc | 0.4 | 7.97 | 51.10 | 59.07 | NOTE | |
r-devel-linux-x86_64-fedora-clang | 0.4 | 131.21 | OK | |||
r-devel-linux-x86_64-fedora-gcc | 0.4 | 122.82 | OK | |||
r-devel-macos-arm64 | 0.4 | 38.00 | OK | |||
r-devel-macos-x86_64 | 0.4 | 75.00 | OK | |||
r-devel-windows-x86_64 | 0.4 | 14.00 | 83.00 | 97.00 | NOTE | |
r-patched-linux-x86_64 | 0.4 | 14.26 | 66.99 | 81.25 | NOTE | |
r-release-linux-x86_64 | 0.4 | 9.57 | 66.39 | 75.96 | NOTE | |
r-release-macos-arm64 | 0.4 | 36.00 | NOTE | |||
r-release-macos-x86_64 | 0.4 | 58.00 | NOTE | |||
r-release-windows-x86_64 | 0.4 | 14.00 | 85.00 | 99.00 | NOTE | |
r-oldrel-macos-arm64 | 0.4 | 45.00 | NOTE | |||
r-oldrel-macos-x86_64 | 0.4 | 69.00 | NOTE | |||
r-oldrel-windows-x86_64 | 0.4 | 18.00 | 97.00 | 115.00 | NOTE |
Version: 0.4
Check: Rd cross-references
Result: NOTE
Found the following Rd file(s) with Rd \link{} targets missing package
anchors:
cvx.lip.reg.Rd: nnls
Please provide package anchors for all Rd \link{} targets not in the
package itself and the base packages.
Flavors: r-devel-linux-x86_64-debian-clang, r-devel-linux-x86_64-debian-gcc, r-devel-windows-x86_64
Version: 0.4
Check: LazyData
Result: NOTE
'LazyData' is specified without a 'data' directory
Flavors: r-patched-linux-x86_64, r-release-linux-x86_64, r-release-macos-arm64, r-release-macos-x86_64, r-release-windows-x86_64, r-oldrel-macos-arm64, r-oldrel-macos-x86_64, r-oldrel-windows-x86_64
These binaries (installable software) and packages are in development.
They may not be fully stable and should be used with caution. We make no claims about them.