Last updated on 2025-05-02 04:49:48 CEST.
Flavor | Version | Tinstall | Tcheck | Ttotal | Status | Flags |
---|---|---|---|---|---|---|
r-devel-linux-x86_64-debian-clang | 0.3.1 | 3.51 | 228.92 | 232.43 | NOTE | |
r-devel-linux-x86_64-debian-gcc | 0.3.1 | 2.47 | 133.08 | 135.55 | NOTE | |
r-devel-linux-x86_64-fedora-clang | 0.3.1 | 399.76 | NOTE | |||
r-devel-linux-x86_64-fedora-gcc | 0.3.1 | 398.61 | NOTE | |||
r-devel-windows-x86_64 | 0.3.1 | 5.00 | 198.00 | 203.00 | NOTE | |
r-patched-linux-x86_64 | 0.3.1 | 2.96 | 215.01 | 217.97 | NOTE | |
r-release-linux-x86_64 | NOTE | |||||
r-release-macos-arm64 | 0.3.1 | 95.00 | NOTE | |||
r-release-macos-x86_64 | 0.3.1 | 231.00 | NOTE | |||
r-release-windows-x86_64 | 0.3.1 | 6.00 | 198.00 | 204.00 | NOTE | |
r-oldrel-macos-arm64 | 0.3.1 | 93.00 | OK | |||
r-oldrel-macos-x86_64 | 0.3.1 | 179.00 | OK | |||
r-oldrel-windows-x86_64 | 0.3.1 | 7.00 | 282.00 | 289.00 | OK |
Version: 0.3.1
Check: DESCRIPTION meta-information
Result: NOTE
Missing dependency on R >= 4.1.0 because package code uses the pipe
|> or function shorthand \(...) syntax added in R 4.1.0.
File(s) using such syntax:
‘bootstrap-projection.R’ ‘bootstrap_CIs.Rd’ ‘bundle_sim.R’
‘calc_coverage.R’ ‘calc_rejection.R’ ‘extrapolate_coverage.Rd’
‘utilities.R’
Flavors: r-devel-linux-x86_64-debian-clang, r-devel-linux-x86_64-debian-gcc, r-devel-linux-x86_64-fedora-clang, r-devel-linux-x86_64-fedora-gcc, r-devel-windows-x86_64, r-patched-linux-x86_64, r-release-linux-x86_64, r-release-macos-arm64, r-release-windows-x86_64
Version: 0.3.1
Check: examples
Result: NOTE
Examples with CPU (user + system) or elapsed time > 5s
user system elapsed
extrapolate_rejection 12.020 0.039 14.152
extrapolate_coverage 7.039 0.031 8.868
Flavor: r-devel-linux-x86_64-debian-clang
Version: 0.3.1
Check: DESCRIPTION meta-information
Result: NOTE
Missing dependency on R >= 4.1.0 because package code uses the pipe
|> or function shorthand \(...) syntax added in R 4.1.0.
File(s) using such syntax:
‘bootstrap-projection.R’ ‘bundle_sim.R’ ‘calc_coverage.R’
‘calc_rejection.R’ ‘utilities.R’
Flavor: r-release-macos-x86_64
These binaries (installable software) and packages are in development.
They may not be fully stable and should be used with caution. We make no claims about them.