Last updated on 2025-10-23 11:50:28 CEST.
Flavor | Version | Tinstall | Tcheck | Ttotal | Status | Flags |
---|---|---|---|---|---|---|
r-devel-linux-x86_64-debian-clang | 0.4.0 | 9.21 | 277.97 | 287.18 | NOTE | |
r-devel-linux-x86_64-debian-gcc | 0.4.0 | 6.76 | 202.92 | 209.68 | OK | |
r-devel-linux-x86_64-fedora-clang | 0.4.0 | 20.00 | 453.60 | 473.60 | OK | |
r-devel-linux-x86_64-fedora-gcc | 0.4.0 | 19.00 | 462.88 | 481.88 | OK | |
r-devel-windows-x86_64 | 0.4.0 | 10.00 | 298.00 | 308.00 | OK | |
r-patched-linux-x86_64 | 0.4.0 | 10.79 | 265.48 | 276.27 | OK | |
r-release-linux-x86_64 | 0.4.0 | 8.38 | 266.10 | 274.48 | OK | |
r-release-macos-arm64 | 0.4.0 | 3.00 | 252.00 | 255.00 | OK | |
r-release-macos-x86_64 | 0.4.0 | 7.00 | 287.00 | 294.00 | OK | |
r-release-windows-x86_64 | 0.4.0 | 13.00 | 300.00 | 313.00 | OK | |
r-oldrel-macos-arm64 | 0.4.0 | 3.00 | 241.00 | 244.00 | OK | |
r-oldrel-macos-x86_64 | 0.4.0 | 7.00 | 289.00 | 296.00 | OK | |
r-oldrel-windows-x86_64 | 0.4.0 | 17.00 | 386.00 | 403.00 | OK |
Version: 0.4.0
Check: HTML version of manual
Result: NOTE
Found the following HTML validation problems:
modified_simulation.html:46:1 (modified_simulation.Rd:10): Warning: missing </ul> before </div>
sim_fun_test2.html:49:1 (sim_fun_test2.Rd:10): Warning: missing </ul> before </div>
Flavor: r-devel-linux-x86_64-debian-clang
These binaries (installable software) and packages are in development.
They may not be fully stable and should be used with caution. We make no claims about them.