Last updated on 2025-11-12 23:50:59 CET.
| Flavor | Version | Tinstall | Tcheck | Ttotal | Status | Flags |
|---|---|---|---|---|---|---|
| r-devel-linux-x86_64-debian-clang | 4.4.7 | 68.23 | 123.83 | 192.06 | OK | |
| r-devel-linux-x86_64-debian-gcc | 4.4.7 | 60.87 | 95.02 | 155.89 | OK | |
| r-devel-linux-x86_64-fedora-clang | 4.4.7 | 161.00 | 156.97 | 317.97 | OK | |
| r-devel-linux-x86_64-fedora-gcc | 4.4.7 | 309.00 | 74.95 | 383.95 | OK | |
| r-devel-windows-x86_64 | 4.4.7 | 74.00 | 191.00 | 265.00 | OK | |
| r-patched-linux-x86_64 | 4.4.7 | 85.23 | 118.81 | 204.04 | OK | |
| r-release-linux-x86_64 | 4.4.7 | 85.05 | 119.12 | 204.17 | OK | |
| r-release-macos-arm64 | 4.4.7 | 27.00 | 72.00 | 99.00 | OK | |
| r-release-macos-x86_64 | 4.4.7 | 34.00 | 125.00 | 159.00 | OK | |
| r-release-windows-x86_64 | 4.4.7 | 76.00 | 187.00 | 263.00 | OK | |
| r-oldrel-macos-arm64 | 4.4.7 | 30.00 | 88.00 | 118.00 | NOTE | |
| r-oldrel-macos-x86_64 | 4.4.7 | 37.00 | 162.00 | 199.00 | NOTE | |
| r-oldrel-windows-x86_64 | 4.4.7 | 79.00 | 227.00 | 306.00 | OK |
Version: 4.4.7
Check: installed package size
Result: NOTE
installed size is 14.9Mb
sub-directories of 1Mb or more:
doc 1.5Mb
libs 12.8Mb
Flavors: r-oldrel-macos-arm64, r-oldrel-macos-x86_64
These binaries (installable software) and packages are in development.
They may not be fully stable and should be used with caution. We make no claims about them.