Last updated on 2025-02-16 08:51:00 CET.
Flavor | Version | Tinstall | Tcheck | Ttotal | Status | Flags |
---|---|---|---|---|---|---|
r-devel-linux-x86_64-debian-clang | 0.1.18 | 5.07 | 70.98 | 76.05 | NOTE | |
r-devel-linux-x86_64-debian-gcc | 0.1.18 | 4.05 | 49.44 | 53.49 | NOTE | |
r-devel-linux-x86_64-fedora-clang | 0.1.18 | 124.54 | OK | |||
r-devel-linux-x86_64-fedora-gcc | 0.1.18 | 126.39 | OK | |||
r-devel-macos-arm64 | 0.1.18 | 44.00 | OK | |||
r-devel-macos-x86_64 | 0.1.18 | 81.00 | OK | |||
r-devel-windows-x86_64 | 0.1.18 | 7.00 | 80.00 | 87.00 | NOTE | |
r-patched-linux-x86_64 | 0.1.18 | 13.49 | 65.03 | 78.52 | OK | |
r-release-linux-x86_64 | 0.1.18 | 4.96 | 66.14 | 71.10 | OK | |
r-release-macos-arm64 | 0.1.18 | 43.00 | OK | |||
r-release-macos-x86_64 | 0.1.18 | 63.00 | OK | |||
r-release-windows-x86_64 | 0.1.18 | 7.00 | 83.00 | 90.00 | OK | |
r-oldrel-macos-arm64 | 0.1.18 | 41.00 | OK | |||
r-oldrel-macos-x86_64 | 0.1.18 | 87.00 | OK | |||
r-oldrel-windows-x86_64 | 0.1.18 | 9.00 | 117.00 | 126.00 | OK |
Version: 0.1.18
Check: Rd cross-references
Result: NOTE
Found the following Rd file(s) with Rd \link{} targets missing package
anchors:
plot.trajectory.Rd: grViz, render_graph
Please provide package anchors for all Rd \link{} targets not in the
package itself and the base packages.
Flavors: r-devel-linux-x86_64-debian-clang, r-devel-linux-x86_64-debian-gcc, r-devel-windows-x86_64
These binaries (installable software) and packages are in development.
They may not be fully stable and should be used with caution. We make no claims about them.