Last updated on 2025-05-01 17:56:16 CEST.
Flavor | Version | Tinstall | Tcheck | Ttotal | Status | Flags |
---|---|---|---|---|---|---|
r-devel-linux-x86_64-debian-clang | 0.3.0 | 6.30 | 59.65 | 65.95 | NOTE | |
r-devel-linux-x86_64-debian-gcc | 0.3.0 | 5.36 | 44.61 | 49.97 | NOTE | |
r-devel-linux-x86_64-fedora-clang | 0.3.0 | 104.09 | OK | |||
r-devel-linux-x86_64-fedora-gcc | 0.3.0 | 98.68 | OK | |||
r-devel-windows-x86_64 | 0.3.0 | 6.00 | 75.00 | 81.00 | OK | |
r-patched-linux-x86_64 | 0.3.0 | 7.16 | 57.44 | 64.60 | OK | |
r-release-linux-x86_64 | OK | |||||
r-release-macos-arm64 | 0.3.0 | 35.00 | OK | |||
r-release-macos-x86_64 | 0.3.0 | 61.00 | OK | |||
r-release-windows-x86_64 | 0.3.0 | 7.00 | 76.00 | 83.00 | OK | |
r-oldrel-macos-arm64 | 0.3.0 | 31.00 | OK | |||
r-oldrel-macos-x86_64 | 0.3.0 | 47.00 | OK | |||
r-oldrel-windows-x86_64 | 0.3.0 | 8.00 | 82.00 | 90.00 | OK |
Version: 0.3.0
Check: CRAN incoming feasibility
Result: NOTE
Maintainer: ‘Hyung Park <parkh15@nyu.edu>’
No Authors@R field in DESCRIPTION.
Please add one, modifying
Authors@R: c(person(given = "Hyung",
family = "Park",
role = c("aut", "cre"),
email = "parkh15@nyu.edu"),
person(given = "Eva",
family = "Petkova",
role = "aut"),
person(given = "Thaddeus",
family = "Tarpey",
role = "aut"),
person(given = c("R.", "Todd"),
family = "Ogden",
role = "aut"))
as necessary.
Flavors: r-devel-linux-x86_64-debian-clang, r-devel-linux-x86_64-debian-gcc
Version: 0.3.0
Check: examples
Result: NOTE
Examples with CPU (user + system) or elapsed time > 5s
user system elapsed
simml 6.378 0.137 9.671
Flavor: r-devel-linux-x86_64-debian-clang
These binaries (installable software) and packages are in development.
They may not be fully stable and should be used with caution. We make no claims about them.