Last updated on 2025-05-01 14:49:23 CEST.
Flavor | Version | Tinstall | Tcheck | Ttotal | Status | Flags |
---|---|---|---|---|---|---|
r-devel-linux-x86_64-debian-clang | 1.2.2 | 9.09 | 78.58 | 87.67 | NOTE | |
r-devel-linux-x86_64-debian-gcc | 1.2.2 | 6.39 | 55.77 | 62.16 | NOTE | |
r-devel-linux-x86_64-fedora-clang | 1.2.2 | 139.13 | NOTE | |||
r-devel-linux-x86_64-fedora-gcc | 1.2.2 | 144.09 | NOTE | |||
r-devel-windows-x86_64 | 1.2.2 | 11.00 | 95.00 | 106.00 | OK | |
r-patched-linux-x86_64 | 1.2.2 | 9.28 | 74.17 | 83.45 | OK | |
r-release-linux-x86_64 | OK | |||||
r-release-macos-arm64 | 1.2.2 | 50.00 | OK | |||
r-release-macos-x86_64 | 1.2.2 | 95.00 | OK | |||
r-release-windows-x86_64 | 1.2.2 | 12.00 | 98.00 | 110.00 | OK | |
r-oldrel-macos-arm64 | 1.2.2 | 44.00 | OK | |||
r-oldrel-macos-x86_64 | 1.2.2 | 68.00 | OK | |||
r-oldrel-windows-x86_64 | 1.2.2 | 12.00 | 111.00 | 123.00 | OK |
Version: 1.2.2
Check: CRAN incoming feasibility
Result: NOTE
Maintainer: ‘Rami Yaari <ramiyaari@gmail.com>’
The Description field contains
& Yaari (2018) <arXiv:1807.04202>. Dattner et al. (2017)
Please refer to arXiv e-prints via their arXiv DOI <doi:10.48550/arXiv.YYMM.NNNNN>.
Flavors: r-devel-linux-x86_64-debian-clang, r-devel-linux-x86_64-debian-gcc
Version: 1.2.2
Check: dependencies in R code
Result: NOTE
Namespace in Imports field not imported from: ‘quadprog’
All declared Imports should be used.
Flavors: r-devel-linux-x86_64-fedora-clang, r-devel-linux-x86_64-fedora-gcc
These binaries (installable software) and packages are in development.
They may not be fully stable and should be used with caution. We make no claims about them.