CRAN Package Check Results for Package simodels

Last updated on 2025-10-23 11:50:28 CEST.

Flavor Version Tinstall Tcheck Ttotal Status Flags
r-devel-linux-x86_64-debian-clang 0.2.0 3.01 85.18 88.19 NOTE
r-devel-linux-x86_64-debian-gcc 0.2.0 1.83 61.49 63.32 NOTE
r-devel-linux-x86_64-fedora-clang 0.2.0 130.33 NOTE
r-devel-linux-x86_64-fedora-gcc 0.2.0 143.88 NOTE
r-devel-windows-x86_64 0.2.0 7.00 98.00 105.00 NOTE
r-patched-linux-x86_64 0.2.0 3.10 79.14 82.24 NOTE
r-release-linux-x86_64 0.2.0 2.71 78.62 81.33 NOTE
r-release-macos-arm64 0.2.0 2.00 49.00 51.00 NOTE
r-release-macos-x86_64 0.2.0 2.00 105.00 107.00 NOTE
r-release-windows-x86_64 0.2.0 7.00 100.00 107.00 NOTE
r-oldrel-macos-arm64 0.2.0 2.00 50.00 52.00 OK
r-oldrel-macos-x86_64 0.2.0 4.00 155.00 159.00 OK
r-oldrel-windows-x86_64 0.2.0 10.00 120.00 130.00 OK

Check Details

Version: 0.2.0
Check: DESCRIPTION meta-information
Result: NOTE Missing dependency on R >= 4.1.0 because package code uses the pipe |> or function shorthand \(...) syntax added in R 4.1.0. File(s) using such syntax: ‘si_calculate.Rd’ Flavors: r-devel-linux-x86_64-debian-clang, r-devel-linux-x86_64-debian-gcc, r-devel-linux-x86_64-fedora-clang, r-devel-linux-x86_64-fedora-gcc, r-devel-windows-x86_64, r-patched-linux-x86_64, r-release-linux-x86_64, r-release-macos-arm64, r-release-macos-x86_64, r-release-windows-x86_64

These binaries (installable software) and packages are in development.
They may not be fully stable and should be used with caution. We make no claims about them.