CRAN Package Check Results for Package simplanonym

Last updated on 2025-10-25 05:50:18 CEST.

Flavor Version Tinstall Tcheck Ttotal Status Flags
r-devel-linux-x86_64-debian-clang 0.1.0 1.75 23.24 24.99 NOTE
r-devel-linux-x86_64-debian-gcc 0.1.0 1.28 19.01 20.29 NOTE
r-devel-linux-x86_64-fedora-clang 0.1.0 35.69 NOTE
r-devel-linux-x86_64-fedora-gcc 0.1.0 34.17 NOTE
r-devel-windows-x86_64 0.1.0 4.00 40.00 44.00 NOTE
r-patched-linux-x86_64 0.1.0 1.69 21.07 22.76 NOTE
r-release-linux-x86_64 0.1.0 1.40 21.10 22.50 NOTE
r-release-macos-arm64 0.1.0 1.00 17.00 18.00 NOTE
r-release-macos-x86_64 0.1.0 1.00 29.00 30.00 NOTE
r-release-windows-x86_64 0.1.0 4.00 41.00 45.00 NOTE
r-oldrel-macos-arm64 0.1.0 1.00 17.00 18.00 OK
r-oldrel-macos-x86_64 0.1.0 2.00 24.00 26.00 OK
r-oldrel-windows-x86_64 0.1.0 4.00 47.00 51.00 OK

Check Details

Version: 0.1.0
Check: DESCRIPTION meta-information
Result: NOTE Missing dependency on R >= 4.1.0 because package code uses the pipe |> or function shorthand \(...) syntax added in R 4.1.0. File(s) using such syntax: ‘anon.R’ ‘anonymise.Rd’ Flavors: r-devel-linux-x86_64-debian-clang, r-devel-linux-x86_64-debian-gcc, r-devel-linux-x86_64-fedora-clang, r-devel-linux-x86_64-fedora-gcc, r-devel-windows-x86_64, r-patched-linux-x86_64, r-release-linux-x86_64, r-release-macos-arm64, r-release-macos-x86_64, r-release-windows-x86_64

These binaries (installable software) and packages are in development.
They may not be fully stable and should be used with caution. We make no claims about them.